Last updated on 2024-05-27 02:48:12 CEST.
Flavor | Version | Tinstall | Tcheck | Ttotal | Status | Flags |
---|---|---|---|---|---|---|
r-devel-linux-x86_64-debian-clang | 0.6.0 | 101.23 | 265.80 | 367.03 | OK | |
r-devel-linux-x86_64-debian-gcc | 0.6.0 | 87.34 | 195.99 | 283.33 | OK | |
r-devel-linux-x86_64-fedora-clang | 0.6.0 | 479.08 | OK | |||
r-devel-linux-x86_64-fedora-gcc | 0.6.0 | 433.21 | OK | |||
r-devel-windows-x86_64 | 0.6.0 | 82.00 | 338.00 | 420.00 | OK | |
r-patched-linux-x86_64 | 0.6.0 | 112.86 | 257.78 | 370.64 | OK | |
r-release-linux-x86_64 | 0.6.0 | 100.55 | 260.25 | 360.80 | OK | |
r-release-macos-arm64 | 0.6.0 | 113.00 | NOTE | |||
r-release-macos-x86_64 | 0.6.0 | 241.00 | OK | |||
r-release-windows-x86_64 | 0.6.0 | 87.00 | 340.00 | 427.00 | OK | |
r-oldrel-macos-arm64 | 0.6.0 | 115.00 | OK | |||
r-oldrel-macos-x86_64 | 0.6.0 | 222.00 | OK | |||
r-oldrel-windows-x86_64 | 0.6.0 | 111.00 | 382.00 | 493.00 | OK |
Version: 0.6.0
Check: installed package size
Result: NOTE
installed size is 5.2Mb
sub-directories of 1Mb or more:
R 2.0Mb
help 3.1Mb
Flavor: r-release-macos-arm64