Last updated on 2025-10-31 13:50:57 CET.
| Flavor | Version | Tinstall | Tcheck | Ttotal | Status | Flags | 
|---|---|---|---|---|---|---|
| r-devel-linux-x86_64-debian-clang | 1.5.1 | 2.35 | 21.70 | 24.05 | NOTE | |
| r-devel-linux-x86_64-debian-gcc | 1.5.1 | 2.08 | 18.27 | 20.35 | NOTE | |
| r-devel-linux-x86_64-fedora-clang | 1.5.1 | 34.93 | OK | |||
| r-devel-linux-x86_64-fedora-gcc | 1.5.1 | 32.59 | OK | |||
| r-devel-windows-x86_64 | 1.5.1 | 6.00 | 44.00 | 50.00 | OK | |
| r-patched-linux-x86_64 | 1.5.1 | 2.32 | 20.59 | 22.91 | OK | |
| r-release-linux-x86_64 | 1.5.1 | 2.14 | 20.47 | 22.61 | OK | |
| r-release-macos-arm64 | 1.5.1 | 2.00 | 18.00 | 20.00 | OK | |
| r-release-macos-x86_64 | 1.5.1 | 4.00 | 23.00 | 27.00 | OK | |
| r-release-windows-x86_64 | 1.5.1 | 5.00 | 47.00 | 52.00 | OK | |
| r-oldrel-macos-arm64 | 1.5.1 | 2.00 | 19.00 | 21.00 | OK | |
| r-oldrel-macos-x86_64 | 1.5.1 | 4.00 | 28.00 | 32.00 | OK | |
| r-oldrel-windows-x86_64 | 1.5.1 | 6.00 | 43.00 | 49.00 | OK | 
Version: 1.5.1
Check: CRAN incoming feasibility
Result: NOTE
  Maintainer: ‘Kevin kuang <kvn.kuang@mail.utoronto.ca>’
  
  No Authors@R field in DESCRIPTION.
  Please add one, modifying
    Authors@R: c(person(given = "Kevin",
                        family = "Kuang",
                        role = c("aut", "cre"),
                        email = "kvn.kuang@mail.utoronto.ca",
                        comment = "aut"),
                 person(given = "Quyu",
                        family = "Kong",
                        role = "aut",
                        comment = "ctb"),
                 person(given = "Francesco",
                        family = "Napolitano",
                        role = "aut",
                        comment = "ctb"))
  as necessary.
Flavors: r-devel-linux-x86_64-debian-clang, r-devel-linux-x86_64-debian-gcc