Last updated on 2025-10-31 13:50:57 CET.
| Flavor | Version | Tinstall | Tcheck | Ttotal | Status | Flags | 
|---|---|---|---|---|---|---|
| r-devel-linux-x86_64-debian-clang | 1.1 | 1.67 | 18.99 | 20.66 | NOTE | |
| r-devel-linux-x86_64-debian-gcc | 1.1 | 1.36 | 15.41 | 16.77 | NOTE | |
| r-devel-linux-x86_64-fedora-clang | 1.1 | 30.39 | NOTE | |||
| r-devel-linux-x86_64-fedora-gcc | 1.1 | 28.09 | NOTE | |||
| r-devel-windows-x86_64 | 1.1 | 2.00 | 37.00 | 39.00 | NOTE | |
| r-patched-linux-x86_64 | 1.1 | 1.73 | 17.69 | 19.42 | NOTE | |
| r-release-linux-x86_64 | 1.1 | 1.71 | 17.94 | 19.65 | NOTE | |
| r-release-macos-arm64 | 1.1 | 1.00 | 14.00 | 15.00 | NOTE | |
| r-release-macos-x86_64 | 1.1 | 2.00 | 22.00 | 24.00 | NOTE | |
| r-release-windows-x86_64 | 1.1 | 3.00 | 42.00 | 45.00 | NOTE | |
| r-oldrel-macos-arm64 | 1.1 | 1.00 | 18.00 | 19.00 | NOTE | |
| r-oldrel-macos-x86_64 | 1.1 | 1.00 | 18.00 | 19.00 | NOTE | |
| r-oldrel-windows-x86_64 | 1.1 | 2.00 | 37.00 | 39.00 | NOTE | 
Version: 1.1
Check: CRAN incoming feasibility
Result: NOTE
  Maintainer: ‘swang1 <swang1@gmail.com>’
  
  No Authors@R field in DESCRIPTION.
  Please add one, modifying
    Authors@R: c(person(given = "Shuangcai",
                        family = "Wang",
                        role = "aut"),
                 person(family = "swang1",
                        role = "cre",
                        email = "swang1@gmail.com"))
  as necessary.
Flavors: r-devel-linux-x86_64-debian-clang, r-devel-linux-x86_64-debian-gcc
Version: 1.1
Check: DESCRIPTION meta-information
Result: NOTE
  Malformed Description field: should contain one or more complete sentences.
Flavors: r-devel-linux-x86_64-debian-clang, r-devel-linux-x86_64-debian-gcc, r-devel-linux-x86_64-fedora-clang, r-devel-linux-x86_64-fedora-gcc, r-devel-windows-x86_64, r-patched-linux-x86_64, r-release-linux-x86_64, r-release-macos-arm64, r-release-macos-x86_64, r-release-windows-x86_64, r-oldrel-macos-arm64, r-oldrel-macos-x86_64, r-oldrel-windows-x86_64