Last updated on 2025-10-31 13:50:57 CET.
| Flavor | Version | Tinstall | Tcheck | Ttotal | Status | Flags | 
|---|---|---|---|---|---|---|
| r-devel-linux-x86_64-debian-clang | 1.1 | 1.51 | 17.15 | 18.66 | NOTE | |
| r-devel-linux-x86_64-debian-gcc | 1.1 | 1.34 | 14.94 | 16.28 | NOTE | |
| r-devel-linux-x86_64-fedora-clang | 1.1 | 26.23 | OK | |||
| r-devel-linux-x86_64-fedora-gcc | 1.1 | 25.10 | OK | |||
| r-devel-windows-x86_64 | 1.1 | 2.00 | 34.00 | 36.00 | OK | |
| r-patched-linux-x86_64 | 1.1 | 1.57 | 16.38 | 17.95 | OK | |
| r-release-linux-x86_64 | 1.1 | 1.58 | 16.25 | 17.83 | OK | |
| r-release-macos-arm64 | 1.1 | 1.00 | 13.00 | 14.00 | OK | |
| r-release-macos-x86_64 | 1.1 | 1.00 | 20.00 | 21.00 | OK | |
| r-release-windows-x86_64 | 1.1 | 3.00 | 36.00 | 39.00 | OK | |
| r-oldrel-macos-arm64 | 1.1 | 1.00 | 12.00 | 13.00 | OK | |
| r-oldrel-macos-x86_64 | 1.1 | 1.00 | 16.00 | 17.00 | OK | |
| r-oldrel-windows-x86_64 | 1.1 | 2.00 | 32.00 | 34.00 | OK | 
Version: 1.1
Check: CRAN incoming feasibility
Result: NOTE
  Maintainer: ‘B N Mandal <mandal.stat@gmail.com>’
  
  No Authors@R field in DESCRIPTION.
  Please add one, modifying
    Authors@R: c(person(given = c("B", "N"),
                        family = "Mandal",
                        role = c("aut", "cre"),
                        email = "mandal.stat@gmail.com"),
                 person(given = "Jun",
                        family = "Ma",
                        role = "aut",
                        email = "jun.ma@mq.edu.au"))
  as necessary.
Flavors: r-devel-linux-x86_64-debian-clang, r-devel-linux-x86_64-debian-gcc