Last updated on 2024-07-18 01:55:39 CEST.
Flavor | Version | Tinstall | Tcheck | Ttotal | Status | Flags |
---|---|---|---|---|---|---|
r-devel-linux-x86_64-debian-clang | 0.1.3 | 16.18 | 120.06 | 136.24 | OK | |
r-devel-linux-x86_64-debian-gcc | 0.1.3 | 10.37 | 86.88 | 97.25 | OK | |
r-devel-linux-x86_64-fedora-clang | 0.1.3 | 175.75 | NOTE | |||
r-devel-linux-x86_64-fedora-gcc | 0.1.3 | 155.30 | NOTE | |||
r-devel-windows-x86_64 | 0.1.3 | 12.00 | 101.00 | 113.00 | NOTE | |
r-patched-linux-x86_64 | 0.1.3 | 19.82 | 109.48 | 129.30 | OK | |
r-release-linux-x86_64 | 0.1.3 | 13.09 | 111.33 | 124.42 | OK | |
r-release-macos-arm64 | 0.1.3 | 47.00 | OK | |||
r-release-macos-x86_64 | 0.1.3 | 66.00 | OK | |||
r-release-windows-x86_64 | 0.1.3 | 12.00 | 103.00 | 115.00 | OK | |
r-oldrel-macos-arm64 | 0.1.3 | 47.00 | OK | |||
r-oldrel-macos-x86_64 | 0.1.3 | 112.00 | OK | |||
r-oldrel-windows-x86_64 | 0.1.3 | 16.00 | 123.00 | 139.00 | OK |
Version: 0.1.3
Check: data for non-ASCII characters
Result: NOTE
Note: found 4 marked UTF-8 strings
Flavors: r-devel-linux-x86_64-fedora-clang, r-devel-linux-x86_64-fedora-gcc
Version: 0.1.3
Check: Rd cross-references
Result: NOTE
Found the following Rd file(s) with Rd \link{} targets missing package
anchors:
tw_complex.Rd: glmer, lmer
Please provide package anchors for all Rd \link{} targets not in the
package itself and the base packages.
Flavor: r-devel-windows-x86_64