Last updated on 2024-05-27 02:48:12 CEST.
Flavor | Version | Tinstall | Tcheck | Ttotal | Status | Flags |
---|---|---|---|---|---|---|
r-devel-linux-x86_64-debian-clang | 0.3.0 | 6.24 | 47.06 | 53.30 | NOTE | |
r-devel-linux-x86_64-debian-gcc | 0.3.0 | 4.36 | 35.53 | 39.89 | NOTE | |
r-devel-linux-x86_64-fedora-clang | 0.3.0 | 67.93 | NOTE | |||
r-devel-linux-x86_64-fedora-gcc | 0.3.0 | 62.26 | NOTE | |||
r-devel-windows-x86_64 | 0.3.0 | 7.00 | 58.00 | 65.00 | NOTE | |
r-patched-linux-x86_64 | 0.3.0 | 3.89 | 45.64 | 49.53 | NOTE | |
r-release-linux-x86_64 | 0.3.0 | 3.86 | 45.14 | 49.00 | NOTE | |
r-release-macos-arm64 | 0.3.0 | 24.00 | NOTE | |||
r-release-windows-x86_64 | 0.3.0 | 6.00 | 57.00 | 63.00 | NOTE | |
r-oldrel-macos-arm64 | 0.3.0 | 25.00 | OK | |||
r-oldrel-macos-x86_64 | 0.3.0 | 33.00 | OK | |||
r-oldrel-windows-x86_64 | 0.3.0 | 9.00 | 65.00 | 74.00 | OK |
Version: 0.3.0
Check: Rd files
Result: NOTE
checkRd: (-1) read_PN.Rd:15: Lost braces
15 | A code{\link{marked_petrinet}}
| ^
Flavors: r-devel-linux-x86_64-debian-clang, r-devel-linux-x86_64-debian-gcc, r-devel-linux-x86_64-fedora-clang, r-devel-linux-x86_64-fedora-gcc, r-devel-windows-x86_64, r-patched-linux-x86_64, r-release-linux-x86_64, r-release-macos-arm64, r-release-windows-x86_64