Last updated on 2025-10-31 13:50:58 CET.
| Flavor | Version | Tinstall | Tcheck | Ttotal | Status | Flags | 
|---|---|---|---|---|---|---|
| r-devel-linux-x86_64-debian-clang | 0.4.17 | 3.84 | 35.68 | 39.52 | NOTE | |
| r-devel-linux-x86_64-debian-gcc | 0.4.17 | 2.95 | 26.47 | 29.42 | NOTE | |
| r-devel-linux-x86_64-fedora-clang | 0.4.17 | 57.12 | OK | |||
| r-devel-linux-x86_64-fedora-gcc | 0.4.17 | 53.42 | OK | |||
| r-devel-windows-x86_64 | 0.4.17 | 6.00 | 60.00 | 66.00 | OK | |
| r-patched-linux-x86_64 | 0.4.17 | 4.46 | 33.57 | 38.03 | OK | |
| r-release-linux-x86_64 | 0.4.17 | 3.54 | 32.97 | 36.51 | OK | |
| r-release-macos-arm64 | 0.4.17 | 3.00 | 18.00 | 21.00 | OK | |
| r-release-macos-x86_64 | 0.4.17 | 5.00 | 30.00 | 35.00 | OK | |
| r-release-windows-x86_64 | 0.4.17 | 7.00 | 66.00 | 73.00 | OK | |
| r-oldrel-macos-arm64 | 0.4.17 | 3.00 | 16.00 | 19.00 | OK | |
| r-oldrel-macos-x86_64 | 0.4.17 | 4.00 | 29.00 | 33.00 | OK | |
| r-oldrel-windows-x86_64 | 0.4.17 | 7.00 | 58.00 | 65.00 | OK | 
Version: 0.4.17
Check: CRAN incoming feasibility
Result: NOTE
  Maintainer: ‘Washington Junger <wjunger@ims.uerj.br>’
  
  No Authors@R field in DESCRIPTION.
  Please add one, modifying
    Authors@R: person(given = "Washington",
                      family = "Junger",
                      role = c("aut", "cre"),
                      email = "wjunger@ims.uerj.br")
  as necessary.
Flavors: r-devel-linux-x86_64-debian-clang, r-devel-linux-x86_64-debian-gcc