Last updated on 2024-05-28 12:56:24 CEST.
Flavor | Version | Tinstall | Tcheck | Ttotal | Status | Flags |
---|---|---|---|---|---|---|
r-devel-linux-x86_64-debian-clang | 2.2.1 | 4.79 | 135.27 | 140.06 | NOTE | |
r-devel-linux-x86_64-debian-gcc | 2.2.1 | 3.47 | 91.06 | 94.53 | NOTE | |
r-devel-linux-x86_64-fedora-clang | 2.2.1 | 171.78 | NOTE | |||
r-devel-linux-x86_64-fedora-gcc | 2.2.1 | 172.87 | NOTE | |||
r-devel-windows-x86_64 | 2.2.1 | 6.00 | 104.00 | 110.00 | NOTE | |
r-patched-linux-x86_64 | 2.2.1 | 7.58 | 124.87 | 132.45 | NOTE | |
r-release-linux-x86_64 | 2.2.1 | 4.24 | 126.04 | 130.28 | NOTE | |
r-release-macos-arm64 | 2.2.1 | 46.00 | NOTE | |||
r-release-windows-x86_64 | 2.2.1 | 5.00 | 102.00 | 107.00 | NOTE | |
r-oldrel-macos-arm64 | 2.2.1 | 48.00 | OK | |||
r-oldrel-macos-x86_64 | 2.2.1 | 73.00 | OK | |||
r-oldrel-windows-x86_64 | 2.2.1 | 6.00 | 124.00 | 130.00 | OK |
Version: 2.2.1
Check: Rd files
Result: NOTE
checkRd: (-1) phasePlaneAnalysis.Rd:84: Lost braces; missing escapes or markup?
84 | identified {see (3) above}, if this point is a saddle then the manifolds are
| ^
Flavors: r-devel-linux-x86_64-debian-clang, r-devel-linux-x86_64-debian-gcc, r-devel-linux-x86_64-fedora-clang, r-devel-linux-x86_64-fedora-gcc, r-devel-windows-x86_64, r-patched-linux-x86_64, r-release-linux-x86_64, r-release-macos-arm64, r-release-windows-x86_64