Last updated on 2025-10-31 13:50:58 CET.
| Flavor | Version | Tinstall | Tcheck | Ttotal | Status | Flags | 
|---|---|---|---|---|---|---|
| r-devel-linux-x86_64-debian-clang | 1.0.1 | 2.00 | 24.02 | 26.02 | NOTE | |
| r-devel-linux-x86_64-debian-gcc | 1.0.1 | 1.58 | 18.75 | 20.33 | NOTE | |
| r-devel-linux-x86_64-fedora-clang | 1.0.1 | 37.67 | OK | |||
| r-devel-linux-x86_64-fedora-gcc | 1.0.1 | 34.80 | OK | |||
| r-devel-windows-x86_64 | 1.0.1 | 4.00 | 47.00 | 51.00 | OK | |
| r-patched-linux-x86_64 | 1.0.1 | 2.30 | 22.67 | 24.97 | OK | |
| r-release-linux-x86_64 | 1.0.1 | 2.09 | 22.63 | 24.72 | OK | |
| r-release-macos-arm64 | 1.0.1 | 2.00 | 16.00 | 18.00 | OK | |
| r-release-macos-x86_64 | 1.0.1 | 2.00 | 23.00 | 25.00 | OK | |
| r-release-windows-x86_64 | 1.0.1 | 4.00 | 55.00 | 59.00 | OK | |
| r-oldrel-macos-arm64 | 1.0.1 | 1.00 | 15.00 | 16.00 | OK | |
| r-oldrel-macos-x86_64 | 1.0.1 | 2.00 | 20.00 | 22.00 | OK | |
| r-oldrel-windows-x86_64 | 1.0.1 | 3.00 | 47.00 | 50.00 | OK | 
Version: 1.0.1
Check: CRAN incoming feasibility
Result: NOTE
  Maintainer: ‘Ursula Neumann <ursula.neumann@uni-marburg.de>’
  
  No Authors@R field in DESCRIPTION.
  Please add one, modifying
    Authors@R: c(person(given = "Nikolas",
                        family = "Rothe",
                        role = "aut"),
                 person(given = "Ursula",
                        family = "Neumann",
                        role = c("aut", "cre"),
                        email = "ursula.neumann@uni-marburg.de"))
  as necessary.
Flavors: r-devel-linux-x86_64-debian-clang, r-devel-linux-x86_64-debian-gcc