Last updated on 2025-11-01 12:49:47 CET.
| Flavor | Version | Tinstall | Tcheck | Ttotal | Status | Flags |
|---|---|---|---|---|---|---|
| r-devel-linux-x86_64-debian-clang | 0.1.1 | 27.71 | 239.36 | 267.07 | NOTE | |
| r-devel-linux-x86_64-debian-gcc | 0.1.1 | 18.38 | 165.16 | 183.54 | NOTE | |
| r-devel-linux-x86_64-fedora-clang | 0.1.1 | 55.00 | 355.66 | 410.66 | OK | |
| r-devel-linux-x86_64-fedora-gcc | 0.1.1 | 127.00 | 310.46 | 437.46 | OK | |
| r-devel-windows-x86_64 | 0.1.1 | 27.00 | 201.00 | 228.00 | OK | |
| r-patched-linux-x86_64 | 0.1.1 | 24.13 | 227.40 | 251.53 | OK | |
| r-release-linux-x86_64 | 0.1.1 | 26.60 | 223.08 | 249.68 | OK | |
| r-release-macos-arm64 | 0.1.1 | 12.00 | 95.00 | 107.00 | OK | |
| r-release-macos-x86_64 | 0.1.1 | 24.00 | 213.00 | 237.00 | OK | |
| r-release-windows-x86_64 | 0.1.1 | 28.00 | 200.00 | 228.00 | OK | |
| r-oldrel-macos-arm64 | 0.1.1 | 11.00 | 94.00 | 105.00 | OK | |
| r-oldrel-macos-x86_64 | 0.1.1 | 18.00 | 140.00 | 158.00 | OK | |
| r-oldrel-windows-x86_64 | 0.1.1 | 37.00 | 262.00 | 299.00 | OK |
Version: 0.1.1
Check: CRAN incoming feasibility
Result: NOTE
Maintainer: ‘Julia Fukuyama <julia.fukuyama@gmail.com>’
No Authors@R field in DESCRIPTION.
Please add one, modifying
Authors@R: person(given = "Julia",
family = "Fukuyama",
role = c("aut", "cre"),
email = "julia.fukuyama@gmail.com")
as necessary.
Flavors: r-devel-linux-x86_64-debian-clang, r-devel-linux-x86_64-debian-gcc