Last updated on 2025-10-31 13:50:58 CET.
| Flavor | Version | Tinstall | Tcheck | Ttotal | Status | Flags | 
|---|---|---|---|---|---|---|
| r-devel-linux-x86_64-debian-clang | 0.1.2 | 1.34 | 21.11 | 22.45 | NOTE | |
| r-devel-linux-x86_64-debian-gcc | 0.1.2 | 1.32 | 17.69 | 19.01 | NOTE | |
| r-devel-linux-x86_64-fedora-clang | 0.1.2 | 31.40 | NOTE | |||
| r-devel-linux-x86_64-fedora-gcc | 0.1.2 | 29.81 | NOTE | |||
| r-devel-windows-x86_64 | 0.1.2 | 2.00 | 41.00 | 43.00 | NOTE | |
| r-patched-linux-x86_64 | 0.1.2 | 1.65 | 18.98 | 20.63 | NOTE | |
| r-release-linux-x86_64 | 0.1.2 | 1.46 | 18.81 | 20.27 | NOTE | |
| r-release-macos-arm64 | 0.1.2 | 1.00 | 15.00 | 16.00 | NOTE | |
| r-release-macos-x86_64 | 0.1.2 | 2.00 | 32.00 | 34.00 | NOTE | |
| r-release-windows-x86_64 | 0.1.2 | 3.00 | 45.00 | 48.00 | NOTE | |
| r-oldrel-macos-arm64 | 0.1.2 | 1.00 | 14.00 | 15.00 | OK | |
| r-oldrel-macos-x86_64 | 0.1.2 | 1.00 | 19.00 | 20.00 | OK | |
| r-oldrel-windows-x86_64 | 0.1.2 | 2.00 | 40.00 | 42.00 | OK | 
Version: 0.1.2
Check: DESCRIPTION meta-information
Result: NOTE
  Author field differs from that derived from Authors@R
    Author:    ‘Brenton M. Wiernik [cre, aut] (<https://orcid.org/0000-0001-9560-6336>, @bmwiernik)’
    Authors@R: ‘Brenton M. Wiernik [cre, aut] (ORCID: <https://orcid.org/0000-0001-9560-6336>, Twitter: @bmwiernik)’
  
    Missing dependency on R >= 4.1.0 because package code uses the pipe
    |> or function shorthand \(...) syntax added in R 4.1.0.
    File(s) using such syntax:
      ‘aliases.Rd’ ‘bind.Rd’
Flavors: r-devel-linux-x86_64-debian-clang, r-devel-linux-x86_64-debian-gcc
Version: 0.1.2
Check: DESCRIPTION meta-information
Result: NOTE
    Missing dependency on R >= 4.1.0 because package code uses the pipe
    |> or function shorthand \(...) syntax added in R 4.1.0.
    File(s) using such syntax:
      ‘aliases.Rd’ ‘bind.Rd’
Flavors: r-devel-linux-x86_64-fedora-clang, r-devel-linux-x86_64-fedora-gcc, r-devel-windows-x86_64, r-patched-linux-x86_64, r-release-linux-x86_64, r-release-macos-arm64, r-release-macos-x86_64, r-release-windows-x86_64