Last updated on 2025-10-31 13:50:58 CET.
| Flavor | Version | Tinstall | Tcheck | Ttotal | Status | Flags | 
|---|---|---|---|---|---|---|
| r-devel-linux-x86_64-debian-clang | 1.1 | 2.67 | 22.81 | 25.48 | NOTE | |
| r-devel-linux-x86_64-debian-gcc | 1.1 | 1.90 | 18.00 | 19.90 | NOTE | |
| r-devel-linux-x86_64-fedora-clang | 1.1 | 37.55 | OK | |||
| r-devel-linux-x86_64-fedora-gcc | 1.1 | 35.88 | OK | |||
| r-devel-windows-x86_64 | 1.1 | 4.00 | 38.00 | 42.00 | OK | |
| r-patched-linux-x86_64 | 1.1 | 2.65 | 21.63 | 24.28 | OK | |
| r-release-linux-x86_64 | 1.1 | 2.41 | 21.83 | 24.24 | OK | |
| r-release-macos-arm64 | 1.1 | 2.00 | 16.00 | 18.00 | OK | |
| r-release-macos-x86_64 | 1.1 | 2.00 | 21.00 | 23.00 | OK | |
| r-release-windows-x86_64 | 1.1 | 4.00 | 41.00 | 45.00 | OK | |
| r-oldrel-macos-arm64 | 1.1 | 1.00 | 15.00 | 16.00 | OK | |
| r-oldrel-macos-x86_64 | 1.1 | 2.00 | 19.00 | 21.00 | OK | |
| r-oldrel-windows-x86_64 | 1.1 | 3.00 | 38.00 | 41.00 | OK | 
Version: 1.1
Check: CRAN incoming feasibility
Result: NOTE
  Maintainer: ‘Francois Deslandes <francois.deslandes@inra.fr>’
  
  No Authors@R field in DESCRIPTION.
  Please add one, modifying
    Authors@R: c(person(given = "Jade",
                        family = "Giguelay",
                        role = "aut"),
                 person(given = "Francois",
                        family = "Deslandes",
                        role = "cre",
                        email = "francois.deslandes@inra.fr"))
  as necessary.
Flavors: r-devel-linux-x86_64-debian-clang, r-devel-linux-x86_64-debian-gcc