Last updated on 2025-10-31 13:50:58 CET.
| Flavor | Version | Tinstall | Tcheck | Ttotal | Status | Flags | 
|---|---|---|---|---|---|---|
| r-devel-linux-x86_64-debian-clang | 0.1.2 | 1.78 | 20.66 | 22.44 | NOTE | |
| r-devel-linux-x86_64-debian-gcc | 0.1.2 | 1.48 | 16.45 | 17.93 | NOTE | |
| r-devel-linux-x86_64-fedora-clang | 0.1.2 | 33.59 | OK | |||
| r-devel-linux-x86_64-fedora-gcc | 0.1.2 | 31.81 | OK | |||
| r-devel-windows-x86_64 | 0.1.2 | 2.00 | 38.00 | 40.00 | OK | |
| r-patched-linux-x86_64 | 0.1.2 | 1.93 | 19.34 | 21.27 | OK | |
| r-release-linux-x86_64 | 0.1.2 | 1.81 | 19.42 | 21.23 | OK | |
| r-release-macos-arm64 | 0.1.2 | 1.00 | 16.00 | 17.00 | OK | |
| r-release-macos-x86_64 | 0.1.2 | 2.00 | 20.00 | 22.00 | OK | |
| r-release-windows-x86_64 | 0.1.2 | 2.00 | 41.00 | 43.00 | OK | |
| r-oldrel-macos-arm64 | 0.1.2 | 1.00 | 15.00 | 16.00 | NOTE | |
| r-oldrel-macos-x86_64 | 0.1.2 | 2.00 | 18.00 | 20.00 | NOTE | |
| r-oldrel-windows-x86_64 | 0.1.2 | 2.00 | 37.00 | 39.00 | NOTE | 
Version: 0.1.2
Check: CRAN incoming feasibility
Result: NOTE
  Maintainer: ‘JungJun Lee <ljjoj@korea.ac.kr>’
  
  No Authors@R field in DESCRIPTION.
  Please add one, modifying
    Authors@R: c(person(given = "JungJun",
                        family = "Lee",
                        role = c("aut", "cre"),
                        email = "ljjoj@korea.ac.kr"),
                 person(given = "Jae-Hwan",
                        family = "Jhong",
                        role = "aut"),
                 person(given = "Young-Rae",
                        family = "Cho",
                        role = "aut"),
                 person(given = "SungHwan",
                        family = "Kim",
                        role = "aut"),
                 person(given = "Ja-yong",
                        family = "Koo",
                        role = "aut"))
  as necessary.
Flavors: r-devel-linux-x86_64-debian-clang, r-devel-linux-x86_64-debian-gcc
Version: 0.1.2
Check: LazyData
Result: NOTE
    'LazyData' is specified without a 'data' directory
Flavors: r-oldrel-macos-arm64, r-oldrel-macos-x86_64, r-oldrel-windows-x86_64