CRAN Package Check Results for Package plotluck

Last updated on 2025-07-04 12:49:08 CEST.

Flavor Version Tinstall Tcheck Ttotal Status Flags
r-devel-linux-x86_64-debian-clang 1.1.1 8.25 151.42 159.67 NOTE
r-devel-linux-x86_64-debian-gcc 1.1.1 5.83 103.72 109.55 NOTE
r-devel-linux-x86_64-fedora-clang 1.1.1 253.94 NOTE
r-devel-linux-x86_64-fedora-gcc 1.1.1 248.93 NOTE
r-devel-windows-x86_64 1.1.1 9.00 155.00 164.00 NOTE
r-patched-linux-x86_64 1.1.1 6.20 142.65 148.85 NOTE
r-release-linux-x86_64 1.1.1 7.40 144.72 152.12 NOTE
r-release-macos-arm64 1.1.1 100.00 NOTE
r-release-macos-x86_64 1.1.1 142.00 NOTE
r-release-windows-x86_64 1.1.1 10.00 152.00 162.00 NOTE
r-oldrel-macos-arm64 1.1.1 74.00 NOTE
r-oldrel-macos-x86_64 1.1.1 132.00 NOTE
r-oldrel-windows-x86_64 1.1.1 12.00 202.00 214.00 NOTE

Check Details

Version: 1.1.1
Check: Rd files
Result: NOTE checkRd: (-1) plotluck.Rd:129: Lost braces 129 | in factors are are shown as a special factor level code{"?"}. They can be | ^ Flavors: r-devel-linux-x86_64-debian-clang, r-devel-linux-x86_64-debian-gcc, r-devel-linux-x86_64-fedora-clang, r-devel-linux-x86_64-fedora-gcc, r-devel-windows-x86_64, r-patched-linux-x86_64, r-release-linux-x86_64, r-release-macos-arm64, r-release-macos-x86_64, r-release-windows-x86_64, r-oldrel-macos-arm64, r-oldrel-macos-x86_64, r-oldrel-windows-x86_64

Version: 1.1.1
Check: dependencies in R code
Result: NOTE Namespaces in Imports field not imported from: ‘hexbin’ ‘quantreg’ All declared Imports should be used. Flavors: r-devel-linux-x86_64-fedora-clang, r-devel-linux-x86_64-fedora-gcc

Version: 1.1.1
Check: LazyData
Result: NOTE 'LazyData' is specified without a 'data' directory Flavors: r-oldrel-macos-arm64, r-oldrel-macos-x86_64, r-oldrel-windows-x86_64