Last updated on 2025-10-31 13:50:58 CET.
| Flavor | Version | Tinstall | Tcheck | Ttotal | Status | Flags | 
|---|---|---|---|---|---|---|
| r-devel-linux-x86_64-debian-clang | 0.1.0 | 3.54 | 23.56 | 27.10 | NOTE | |
| r-devel-linux-x86_64-debian-gcc | 0.1.0 | 2.71 | 19.02 | 21.73 | NOTE | |
| r-devel-linux-x86_64-fedora-clang | 0.1.0 | 40.55 | OK | |||
| r-devel-linux-x86_64-fedora-gcc | 0.1.0 | 39.06 | OK | |||
| r-devel-windows-x86_64 | 0.1.0 | 4.00 | 42.00 | 46.00 | OK | |
| r-patched-linux-x86_64 | 0.1.0 | 3.23 | 22.52 | 25.75 | OK | |
| r-release-linux-x86_64 | 0.1.0 | 3.40 | 22.13 | 25.53 | OK | |
| r-release-macos-arm64 | 0.1.0 | 2.00 | 25.00 | 27.00 | OK | |
| r-release-macos-x86_64 | 0.1.0 | 3.00 | 32.00 | 35.00 | OK | |
| r-release-windows-x86_64 | 0.1.0 | 5.00 | 44.00 | 49.00 | OK | |
| r-oldrel-macos-arm64 | 0.1.0 | 2.00 | 21.00 | 23.00 | OK | |
| r-oldrel-macos-x86_64 | 0.1.0 | 3.00 | 26.00 | 29.00 | OK | |
| r-oldrel-windows-x86_64 | 0.1.0 | 6.00 | 48.00 | 54.00 | OK | 
Version: 0.1.0
Check: CRAN incoming feasibility
Result: NOTE
  Maintainer: ‘Michael Doyle <michaeledoyle7@gmail.com>’
  
  No Authors@R field in DESCRIPTION.
  Please add one, modifying
    Authors@R: person(given = "Michael",
                      family = "Doyle",
                      role = c("aut", "cre"),
                      email = "michaeledoyle7@gmail.com")
  as necessary.
Flavors: r-devel-linux-x86_64-debian-clang, r-devel-linux-x86_64-debian-gcc