Last updated on 2025-10-31 13:50:58 CET.
| Flavor | Version | Tinstall | Tcheck | Ttotal | Status | Flags | 
|---|---|---|---|---|---|---|
| r-devel-linux-x86_64-debian-clang | 1.6.0.1 | 3.49 | 45.88 | 49.37 | NOTE | |
| r-devel-linux-x86_64-debian-gcc | 1.6.0.1 | 2.72 | 33.68 | 36.40 | NOTE | |
| r-devel-linux-x86_64-fedora-clang | 1.6.0.1 | 73.55 | NOTE | |||
| r-devel-linux-x86_64-fedora-gcc | 1.6.0.1 | 73.48 | NOTE | |||
| r-devel-windows-x86_64 | 1.6.0.1 | 6.00 | 68.00 | 74.00 | NOTE | |
| r-patched-linux-x86_64 | 1.6.0.1 | 4.09 | 43.00 | 47.09 | NOTE | |
| r-release-linux-x86_64 | 1.6.0.1 | 3.24 | 43.11 | 46.35 | NOTE | |
| r-release-macos-arm64 | 1.6.0.1 | 3.00 | 24.00 | 27.00 | NOTE | |
| r-release-macos-x86_64 | 1.6.0.1 | 5.00 | 41.00 | 46.00 | NOTE | |
| r-release-windows-x86_64 | 1.6.0.1 | 9.00 | 70.00 | 79.00 | NOTE | |
| r-oldrel-macos-arm64 | 1.6.0.1 | 3.00 | 22.00 | 25.00 | NOTE | |
| r-oldrel-macos-x86_64 | 1.6.0.1 | 4.00 | 34.00 | 38.00 | NOTE | |
| r-oldrel-windows-x86_64 | 1.6.0.1 | 9.00 | 83.00 | 92.00 | NOTE | 
Version: 1.6.0.1
Check: CRAN incoming feasibility
Result: NOTE
  Maintainer: ‘Drew Linzer <drew@votamatic.org>’
  
  No Authors@R field in DESCRIPTION.
  Please add one, modifying
    Authors@R: c(person(given = "Drew",
                        family = "Linzer",
                        role = c("aut", "cre"),
                        email = "drew@votamatic.org"),
                 person(given = "Jeffrey",
                        family = "Lewis.",
                        role = "aut",
                        email = "jblewis@ucla.edu"))
  as necessary.
  
  Package CITATION file contains call(s) to old-style personList() or
  as.personList().  Please use c() on person objects instead.
  Package CITATION file contains call(s) to old-style citEntry().  Please
  use bibentry() instead.
Flavors: r-devel-linux-x86_64-debian-clang, r-devel-linux-x86_64-debian-gcc
Version: 1.6.0.1
Check: Rd files
Result: NOTE
  checkRd: (-1) carcinoma.Rd:8: Escaped LaTeX specials: \&
  checkRd: (-1) poLCA.Rd:63: Escaped LaTeX specials: \&
  checkRd: (-1) poLCA.Rd:69: Escaped LaTeX specials: \&
Flavors: r-devel-linux-x86_64-debian-clang, r-devel-linux-x86_64-debian-gcc, r-devel-linux-x86_64-fedora-clang, r-devel-linux-x86_64-fedora-gcc, r-devel-windows-x86_64, r-patched-linux-x86_64, r-release-linux-x86_64, r-release-macos-arm64, r-release-macos-x86_64, r-release-windows-x86_64, r-oldrel-macos-arm64, r-oldrel-macos-x86_64, r-oldrel-windows-x86_64