Last updated on 2024-05-28 12:56:24 CEST.
Flavor | Version | Tinstall | Tcheck | Ttotal | Status | Flags |
---|---|---|---|---|---|---|
r-devel-linux-x86_64-debian-clang | 0.8.1 | 13.10 | 95.66 | 108.76 | OK | |
r-devel-linux-x86_64-debian-gcc | 0.8.1 | 9.49 | 71.51 | 81.00 | OK | |
r-devel-linux-x86_64-fedora-clang | 0.8.1 | 137.67 | NOTE | |||
r-devel-linux-x86_64-fedora-gcc | 0.8.1 | 138.91 | OK | |||
r-devel-windows-x86_64 | 0.8.1 | 11.00 | 94.00 | 105.00 | OK | |
r-patched-linux-x86_64 | 0.8.1 | 10.72 | 90.20 | 100.92 | OK | |
r-release-linux-x86_64 | 0.8.1 | 7.57 | 89.73 | 97.30 | OK | |
r-release-macos-arm64 | 0.8.1 | 46.00 | OK | |||
r-release-windows-x86_64 | 0.8.1 | 11.00 | 93.00 | 104.00 | OK | |
r-oldrel-macos-arm64 | 0.8.1 | 45.00 | OK | |||
r-oldrel-macos-x86_64 | 0.8.1 | 64.00 | OK | |||
r-oldrel-windows-x86_64 | 0.8.1 | 15.00 | 113.00 | 128.00 | OK |
Version: 0.8.1
Check: package dependencies
Result: NOTE
Imports includes 25 non-default packages.
Importing from so many packages makes the package vulnerable to any of
them becoming unavailable. Move as many as possible to Suggests and
use conditionally.
Flavor: r-devel-linux-x86_64-fedora-clang