Last updated on 2025-10-31 13:50:58 CET.
| Flavor | Version | Tinstall | Tcheck | Ttotal | Status | Flags | 
|---|---|---|---|---|---|---|
| r-devel-linux-x86_64-debian-clang | 0.2 | 1.84 | 19.44 | 21.28 | NOTE | |
| r-devel-linux-x86_64-debian-gcc | 0.2 | 1.51 | 16.07 | 17.58 | NOTE | |
| r-devel-linux-x86_64-fedora-clang | 0.2 | 31.15 | OK | |||
| r-devel-linux-x86_64-fedora-gcc | 0.2 | 29.95 | OK | |||
| r-devel-windows-x86_64 | 0.2 | 3.00 | 36.00 | 39.00 | OK | |
| r-patched-linux-x86_64 | 0.2 | 1.69 | 18.30 | 19.99 | OK | |
| r-release-linux-x86_64 | 0.2 | 1.44 | 18.66 | 20.10 | OK | |
| r-release-macos-arm64 | 0.2 | 1.00 | 14.00 | 15.00 | OK | |
| r-release-macos-x86_64 | 0.2 | 2.00 | 27.00 | 29.00 | OK | |
| r-release-windows-x86_64 | 0.2 | 4.00 | 40.00 | 44.00 | OK | |
| r-oldrel-macos-arm64 | 0.2 | 1.00 | 14.00 | 15.00 | OK | |
| r-oldrel-macos-x86_64 | 0.2 | 2.00 | 18.00 | 20.00 | OK | |
| r-oldrel-windows-x86_64 | 0.2 | 3.00 | 35.00 | 38.00 | OK | 
Version: 0.2
Check: CRAN incoming feasibility
Result: NOTE
  Maintainer: ‘Aki Jarl Laruson <akijarl@gmail.com>’
  
  No Authors@R field in DESCRIPTION.
  Please add one, modifying
    Authors@R: c(person(given = c("Aki", "Jarl", "Laruson;", "Floyd"),
                        family = "Reed",
                        role = "aut"),
                 person(given = c("Aki", "Jarl"),
                        family = "Laruson",
                        role = "cre",
                        email = "akijarl@gmail.com"))
  as necessary.
Flavors: r-devel-linux-x86_64-debian-clang, r-devel-linux-x86_64-debian-gcc