Last updated on 2025-10-31 13:50:58 CET.
| Flavor | Version | Tinstall | Tcheck | Ttotal | Status | Flags | 
|---|---|---|---|---|---|---|
| r-devel-linux-x86_64-debian-clang | 0.1.0 | 1.64 | 25.94 | 27.58 | NOTE | |
| r-devel-linux-x86_64-debian-gcc | 0.1.0 | 1.43 | 19.79 | 21.22 | NOTE | |
| r-devel-linux-x86_64-fedora-clang | 0.1.0 | 42.25 | OK | |||
| r-devel-linux-x86_64-fedora-gcc | 0.1.0 | 40.35 | OK | |||
| r-devel-windows-x86_64 | 0.1.0 | 3.00 | 47.00 | 50.00 | OK | |
| r-patched-linux-x86_64 | 0.1.0 | 1.79 | 24.39 | 26.18 | OK | |
| r-release-linux-x86_64 | 0.1.0 | 1.60 | 24.73 | 26.33 | OK | |
| r-release-macos-arm64 | 0.1.0 | 1.00 | 16.00 | 17.00 | OK | |
| r-release-macos-x86_64 | 0.1.0 | 2.00 | 25.00 | 27.00 | OK | |
| r-release-windows-x86_64 | 0.1.0 | 2.00 | 51.00 | 53.00 | OK | |
| r-oldrel-macos-arm64 | 0.1.0 | 1.00 | 16.00 | 17.00 | NOTE | |
| r-oldrel-macos-x86_64 | 0.1.0 | 1.00 | 23.00 | 24.00 | NOTE | |
| r-oldrel-windows-x86_64 | 0.1.0 | 2.00 | 46.00 | 48.00 | NOTE | 
Version: 0.1.0
Check: CRAN incoming feasibility
Result: NOTE
  Maintainer: ‘Char Leung <charleung@hotmail.fr>’
  
  No Authors@R field in DESCRIPTION.
  Please add one, modifying
    Authors@R: person(given = "Char",
                      family = "Leung",
                      role = c("aut", "cre"),
                      email = "charleung@hotmail.fr")
  as necessary.
Flavors: r-devel-linux-x86_64-debian-clang, r-devel-linux-x86_64-debian-gcc
Version: 0.1.0
Check: LazyData
Result: NOTE
    'LazyData' is specified without a 'data' directory
Flavors: r-oldrel-macos-arm64, r-oldrel-macos-x86_64, r-oldrel-windows-x86_64