Last updated on 2025-10-31 13:50:58 CET.
| Flavor | Version | Tinstall | Tcheck | Ttotal | Status | Flags | 
|---|---|---|---|---|---|---|
| r-devel-linux-x86_64-debian-clang | 0.5-11 | 3.19 | 58.56 | 61.75 | NOTE | |
| r-devel-linux-x86_64-debian-gcc | 0.5-11 | 2.53 | 39.69 | 42.22 | NOTE | |
| r-devel-linux-x86_64-fedora-clang | 0.5-11 | 95.61 | OK | |||
| r-devel-linux-x86_64-fedora-gcc | 0.5-11 | 113.68 | OK | |||
| r-devel-windows-x86_64 | 0.5-11 | 6.00 | 81.00 | 87.00 | OK | |
| r-patched-linux-x86_64 | 0.5-11 | 3.37 | 52.90 | 56.27 | OK | |
| r-release-linux-x86_64 | 0.5-11 | 3.00 | 54.69 | 57.69 | OK | |
| r-release-macos-arm64 | 0.5-11 | 3.00 | 34.00 | 37.00 | OK | |
| r-release-macos-x86_64 | 0.5-11 | 5.00 | 66.00 | 71.00 | OK | |
| r-release-windows-x86_64 | 0.5-11 | 5.00 | 87.00 | 92.00 | OK | |
| r-oldrel-macos-arm64 | 0.5-11 | 3.00 | 38.00 | 41.00 | OK | |
| r-oldrel-macos-x86_64 | 0.5-11 | 4.00 | 48.00 | 52.00 | OK | |
| r-oldrel-windows-x86_64 | 0.5-11 | 6.00 | 80.00 | 86.00 | OK | 
Version: 0.5-11
Check: CRAN incoming feasibility
Result: NOTE
  Maintainer: ‘Charles J. Geyer <charlie@stat.umn.edu>’
  
  No Authors@R field in DESCRIPTION.
  Please add one, modifying
    Authors@R: c(person(given = c("Charles", "J."),
                        family = "Geyer",
                        role = c("aut", "cre"),
                        email = "charlie@stat.umn.edu"),
                 person(given = "Leif",
                        family = "Johnson",
                        role = "aut",
                        email = "ltjohnson@google.com"))
  as necessary.
Flavors: r-devel-linux-x86_64-debian-clang, r-devel-linux-x86_64-debian-gcc