Last updated on 2025-10-31 13:50:58 CET.
| Flavor | Version | Tinstall | Tcheck | Ttotal | Status | Flags | 
|---|---|---|---|---|---|---|
| r-devel-linux-x86_64-debian-clang | 1.6 | 2.99 | 29.55 | 32.54 | NOTE | |
| r-devel-linux-x86_64-debian-gcc | 1.6 | 3.26 | 30.73 | 33.99 | NOTE | |
| r-devel-linux-x86_64-fedora-clang | 1.6 | 47.34 | OK | |||
| r-devel-linux-x86_64-fedora-gcc | 1.6 | 46.88 | OK | |||
| r-devel-windows-x86_64 | 1.6 | 3.00 | 42.00 | 45.00 | OK | |
| r-patched-linux-x86_64 | 1.6 | 2.31 | 21.62 | 23.93 | OK | |
| r-release-linux-x86_64 | 1.6 | 2.09 | 21.71 | 23.80 | OK | |
| r-release-macos-arm64 | 1.6 | 2.00 | 19.00 | 21.00 | OK | |
| r-release-macos-x86_64 | 1.6 | 3.00 | 26.00 | 29.00 | OK | |
| r-release-windows-x86_64 | 1.6 | 3.00 | 48.00 | 51.00 | OK | |
| r-oldrel-macos-arm64 | 1.6 | 2.00 | 14.00 | 16.00 | OK | |
| r-oldrel-macos-x86_64 | 1.6 | 2.00 | 24.00 | 26.00 | OK | |
| r-oldrel-windows-x86_64 | 1.6 | 3.00 | 43.00 | 46.00 | OK | 
Version: 1.6
Check: CRAN incoming feasibility
Result: NOTE
  Maintainer: ‘Daniel E. Weeks <weeks@pitt.edu>’
  
  No Authors@R field in DESCRIPTION.
  Please add one, modifying
    Authors@R: person(given = c("Daniel", "E."),
                      family = "Weeks",
                      role = c("aut", "cre"),
                      email = "weeks@pitt.edu")
  as necessary.
Flavors: r-devel-linux-x86_64-debian-clang, r-devel-linux-x86_64-debian-gcc