Last updated on 2025-07-04 12:49:08 CEST.
Flavor | Version | Tinstall | Tcheck | Ttotal | Status | Flags |
---|---|---|---|---|---|---|
r-devel-linux-x86_64-debian-clang | 0.1.0 | 1.90 | 19.54 | 21.44 | NOTE | |
r-devel-linux-x86_64-debian-gcc | 0.1.0 | 1.58 | 16.07 | 17.65 | NOTE | |
r-devel-linux-x86_64-fedora-clang | 0.1.0 | 35.05 | OK | |||
r-devel-linux-x86_64-fedora-gcc | 0.1.0 | 31.27 | OK | |||
r-devel-windows-x86_64 | 0.1.0 | 3.00 | 41.00 | 44.00 | OK | |
r-patched-linux-x86_64 | 0.1.0 | 1.93 | 18.66 | 20.59 | OK | |
r-release-linux-x86_64 | 0.1.0 | 1.62 | 18.53 | 20.15 | OK | |
r-release-macos-arm64 | 0.1.0 | 15.00 | OK | |||
r-release-macos-x86_64 | 0.1.0 | 34.00 | OK | |||
r-release-windows-x86_64 | 0.1.0 | 3.00 | 42.00 | 45.00 | OK | |
r-oldrel-macos-arm64 | 0.1.0 | 21.00 | OK | |||
r-oldrel-macos-x86_64 | 0.1.0 | 27.00 | OK | |||
r-oldrel-windows-x86_64 | 0.1.0 | 3.00 | 46.00 | 49.00 | OK |
Version: 0.1.0
Check: CRAN incoming feasibility
Result: NOTE
Maintainer: ‘Guangbao Guo <ggb11111111@163.com>’
No Authors@R field in DESCRIPTION.
Please add one, modifying
Authors@R: c(person(given = "Guangbao",
family = "Guo",
role = c("aut", "cre"),
email = "ggb11111111@163.com"),
person(given = "Jiarui",
family = "Li",
role = "aut"))
as necessary.
Flavors: r-devel-linux-x86_64-debian-clang, r-devel-linux-x86_64-debian-gcc