Last updated on 2025-10-22 12:50:37 CEST.
Flavor | Version | Tinstall | Tcheck | Ttotal | Status | Flags |
---|---|---|---|---|---|---|
r-devel-linux-x86_64-debian-clang | 0.4.3 | 3.60 | 242.55 | 246.15 | NOTE | |
r-devel-linux-x86_64-debian-gcc | 0.4.3 | 2.62 | 176.79 | 179.41 | NOTE | |
r-devel-linux-x86_64-fedora-clang | 0.4.3 | 19.00 | 408.42 | 427.42 | OK | |
r-devel-linux-x86_64-fedora-gcc | 0.4.3 | 390.02 | OK | |||
r-devel-windows-x86_64 | 0.4.3 | 32.00 | 526.00 | 558.00 | OK | |
r-patched-linux-x86_64 | 0.4.3 | 3.49 | 234.33 | 237.82 | OK | |
r-release-linux-x86_64 | 0.4.3 | 2.91 | 234.88 | 237.79 | OK | |
r-release-macos-arm64 | 0.4.3 | 4.00 | 116.00 | 120.00 | OK | |
r-release-macos-x86_64 | 0.4.3 | 7.00 | 222.00 | 229.00 | OK | |
r-release-windows-x86_64 | 0.4.3 | 33.00 | 478.00 | 511.00 | OK | |
r-oldrel-macos-arm64 | 0.4.3 | 3.00 | 102.00 | 105.00 | OK | |
r-oldrel-macos-x86_64 | 0.4.3 | 9.00 | 288.00 | 297.00 | OK | |
r-oldrel-windows-x86_64 | 0.4.3 | 19.00 | 313.00 | 332.00 | OK |
Version: 0.4.3
Check: CRAN incoming feasibility
Result: NOTE
Maintainer: ‘Lorenz Walthert <lorenz.walthert@icloud.com>’
No Authors@R field in DESCRIPTION.
Please add one, modifying
Authors@R: person(given = "Lorenz",
family = "Walthert",
role = c("aut", "cre"),
email = "lorenz.walthert@icloud.com")
as necessary.
Flavors: r-devel-linux-x86_64-debian-clang, r-devel-linux-x86_64-debian-gcc
Version: 0.4.3
Check: HTML version of manual
Result: NOTE
Found the following HTML validation problems:
call_precommit.html:52:1 (call_precommit.Rd:12): Warning: missing </ul> before </div>
communicate_captured_call.html:46:1 (communicate_captured_call.Rd:10): Warning: missing </ul> before </div>
copy_artifacts.html:52:1 (copy_artifacts.Rd:13): Warning: missing </ul> before </div>
empty_on_cran.html:48:1 (empty_on_cran.Rd:10): Warning: missing </ul> before </div>
ensure_named.html:50:1 (ensure_named.Rd:12): Warning: missing </ul> before </div>
fallback_doc.html:40:1 (fallback_doc.Rd:7): Warning: missing </ul> before </div>
generate_uninstalled_pkg_name.html:46:1 (generate_uninstalled_pkg_name.Rd:10): Warning: missing </ul> before </div>
git_init.html:47:1 (git_init.Rd:10): Warning: missing </ul> before </div>
local_test_setup.html:68:1 (local_test_setup.Rd:25): Warning: missing </ul> before </div>
path_derive_precommit_exec_impl.html:48:1 (path_derive_precommit_exec_impl.Rd:11): Warning: missing </ul> before </div>
release_complete.html:46:1 (release_complete.Rd:10): Warning: missing </ul> before </div>
run_test_impl.html:99:1 (run_test_impl.Rd:47): Warning: missing </ul> before </div>
update_rev_in_config.html:54:1 (update_rev_in_config.Rd:12): Warning: missing </ul> before </div>
use_ci.html:71:1 (use_ci.Rd:29): Warning: missing </ul> before </div>
Flavors: r-devel-linux-x86_64-debian-clang, r-devel-linux-x86_64-debian-gcc