Last updated on 2025-07-08 13:49:16 CEST.
Flavor | Version | Tinstall | Tcheck | Ttotal | Status | Flags |
---|---|---|---|---|---|---|
r-devel-linux-x86_64-debian-clang | 1.1.0 | 7.28 | 57.63 | 64.91 | NOTE | |
r-devel-linux-x86_64-debian-gcc | 1.1.0 | 4.39 | 43.11 | 47.50 | NOTE | |
r-devel-linux-x86_64-fedora-clang | 1.1.0 | 105.78 | OK | |||
r-devel-linux-x86_64-fedora-gcc | 1.1.0 | 93.10 | OK | |||
r-devel-windows-x86_64 | 1.1.0 | 8.00 | 69.00 | 77.00 | OK | |
r-patched-linux-x86_64 | 1.1.0 | 6.52 | 54.54 | 61.06 | OK | |
r-release-linux-x86_64 | 1.1.0 | 5.92 | 54.20 | 60.12 | OK | |
r-release-macos-arm64 | 1.1.0 | 37.00 | OK | |||
r-release-macos-x86_64 | 1.1.0 | 57.00 | OK | |||
r-release-windows-x86_64 | 1.1.0 | 7.00 | 69.00 | 76.00 | OK | |
r-oldrel-macos-arm64 | 1.1.0 | 30.00 | OK | |||
r-oldrel-macos-x86_64 | 1.1.0 | 45.00 | OK | |||
r-oldrel-windows-x86_64 | 1.1.0 | 11.00 | 78.00 | 89.00 | OK |
Version: 1.1.0
Check: CRAN incoming feasibility
Result: NOTE
Maintainer: ‘Gustavo Soutinho <gustavosoutinho@sapo.pt>’
No Authors@R field in DESCRIPTION.
Please add one, modifying
Authors@R: c(person(given = "Gustavo",
family = "Soutinho",
role = c("aut", "cre"),
email = "gustavosoutinho@sapo.pt"),
person(given = "Luis",
family = "Meira-Machado",
role = "aut"),
person(given = "Pedro",
family = "Oliveira",
role = "aut"))
as necessary.
Flavors: r-devel-linux-x86_64-debian-clang, r-devel-linux-x86_64-debian-gcc