Last updated on 2025-10-31 13:50:58 CET.
| Flavor | Version | Tinstall | Tcheck | Ttotal | Status | Flags | 
|---|---|---|---|---|---|---|
| r-devel-linux-x86_64-debian-clang | 1.0 | 3.63 | 38.75 | 42.38 | NOTE | |
| r-devel-linux-x86_64-debian-gcc | 1.0 | 2.88 | 30.60 | 33.48 | NOTE | |
| r-devel-linux-x86_64-fedora-clang | 1.0 | 63.05 | OK | |||
| r-devel-linux-x86_64-fedora-gcc | 1.0 | 17.00 | 47.08 | 64.08 | OK | |
| r-devel-windows-x86_64 | 1.0 | 4.00 | 55.00 | 59.00 | OK | |
| r-patched-linux-x86_64 | 1.0 | 3.92 | 37.04 | 40.96 | OK | |
| r-release-linux-x86_64 | 1.0 | 3.23 | 37.18 | 40.41 | OK | |
| r-release-macos-arm64 | 1.0 | 2.00 | 23.00 | 25.00 | OK | |
| r-release-macos-x86_64 | 1.0 | 3.00 | 37.00 | 40.00 | OK | |
| r-release-windows-x86_64 | 1.0 | 4.00 | 61.00 | 65.00 | OK | |
| r-oldrel-macos-arm64 | 1.0 | 2.00 | 20.00 | 22.00 | OK | |
| r-oldrel-macos-x86_64 | 1.0 | 3.00 | 30.00 | 33.00 | OK | |
| r-oldrel-windows-x86_64 | 1.0 | 4.00 | 55.00 | 59.00 | OK | 
Version: 1.0
Check: CRAN incoming feasibility
Result: NOTE
  Maintainer: ‘Osama Mahmoud <ofamah@essex.ac.uk>’
  
  No Authors@R field in DESCRIPTION.
  Please add one, modifying
    Authors@R: c(person(given = "Osama",
                        family = "Mahmoud",
                        role = c("aut", "cre"),
                        email = "ofamah@essex.ac.uk"),
                 person(given = "Andrew",
                        family = "Harrison",
                        role = "aut"),
                 person(given = "Aris",
                        family = "Perperoglou",
                        role = "aut"),
                 person(given = "Asma",
                        family = "Gul",
                        role = "aut"),
                 person(given = "Zardad",
                        family = "Khan",
                        role = "aut"),
                 person(given = "Berthold",
                        family = "Lausen",
                        role = "aut"))
  as necessary.
Flavors: r-devel-linux-x86_64-debian-clang, r-devel-linux-x86_64-debian-gcc