Last updated on 2025-10-31 13:50:58 CET.
| Flavor | Version | Tinstall | Tcheck | Ttotal | Status | Flags | 
|---|---|---|---|---|---|---|
| r-devel-linux-x86_64-debian-clang | 0.0-9 | 1.62 | 18.51 | 20.13 | NOTE | |
| r-devel-linux-x86_64-debian-gcc | 0.0-9 | 1.33 | 15.51 | 16.84 | NOTE | |
| r-devel-linux-x86_64-fedora-clang | 0.0-9 | 29.28 | OK | |||
| r-devel-linux-x86_64-fedora-gcc | 0.0-9 | 29.69 | OK | |||
| r-devel-windows-x86_64 | 0.0-9 | 3.00 | 33.00 | 36.00 | OK | |
| r-patched-linux-x86_64 | 0.0-9 | 1.49 | 17.27 | 18.76 | OK | |
| r-release-linux-x86_64 | 0.0-9 | 1.44 | 17.43 | 18.87 | OK | |
| r-release-macos-arm64 | 0.0-9 | 1.00 | 15.00 | 16.00 | OK | |
| r-release-macos-x86_64 | 0.0-9 | 2.00 | 20.00 | 22.00 | OK | |
| r-release-windows-x86_64 | 0.0-9 | 3.00 | 38.00 | 41.00 | OK | |
| r-oldrel-macos-arm64 | 0.0-9 | 1.00 | 12.00 | 13.00 | OK | |
| r-oldrel-macos-x86_64 | 0.0-9 | 1.00 | 18.00 | 19.00 | OK | |
| r-oldrel-windows-x86_64 | 0.0-9 | 2.00 | 34.00 | 36.00 | OK | 
Version: 0.0-9
Check: CRAN incoming feasibility
Result: NOTE
  Maintainer: ‘Daan Seynaeve <daan.seynaeve@openanalytics.eu>’
  
  No Authors@R field in DESCRIPTION.
  Please add one, modifying
    Authors@R: c(person(given = "Tobias",
                        family = "Verbeke",
                        role = "aut"),
                 person(given = "Daan",
                        family = "Seynaeve",
                        role = c("aut", "cre"),
                        email = "daan.seynaeve@openanalytics.eu"),
                 person(given = c("based", "on", "read.dcf", "by", "R", "Core", "Development"),
                        family = "Team",
                        role = "aut"))
  as necessary.
Flavors: r-devel-linux-x86_64-debian-clang, r-devel-linux-x86_64-debian-gcc