Last updated on 2025-11-27 13:48:45 CET.
| Flavor | Version | Tinstall | Tcheck | Ttotal | Status | Flags |
|---|---|---|---|---|---|---|
| r-devel-linux-x86_64-debian-clang | 2.3.1 | 41.52 | 29.33 | 70.85 | OK | |
| r-devel-linux-x86_64-debian-gcc | 2.3.1 | 35.06 | 23.57 | 58.63 | OK | |
| r-devel-linux-x86_64-fedora-clang | 2.3.1 | 111.00 | 26.92 | 137.92 | OK | |
| r-devel-linux-x86_64-fedora-gcc | 2.3.1 | 184.00 | -38.77 | 145.23 | OK | |
| r-devel-windows-x86_64 | 2.3.1 | 78.00 | 80.00 | 158.00 | OK | |
| r-patched-linux-x86_64 | 2.3.1 | 44.29 | 27.65 | 71.94 | OK | |
| r-release-linux-x86_64 | 2.3.1 | 45.42 | 27.90 | 73.32 | OK | |
| r-release-macos-arm64 | 2.3.1 | OK | ||||
| r-release-macos-x86_64 | 2.3.1 | 21.00 | 27.00 | 48.00 | OK | |
| r-release-windows-x86_64 | 2.3.1 | 61.00 | 84.00 | 145.00 | OK | |
| r-oldrel-macos-arm64 | 2.3.1 | NOTE | ||||
| r-oldrel-macos-x86_64 | 2.3.1 | 30.00 | 41.00 | 71.00 | NOTE | |
| r-oldrel-windows-x86_64 | 2.3.1 | 63.00 | 101.00 | 164.00 | OK |
Version: 2.3.1
Check: installed package size
Result: NOTE
installed size is 22.1Mb
sub-directories of 1Mb or more:
libs 22.0Mb
Flavors: r-oldrel-macos-arm64, r-oldrel-macos-x86_64