Last updated on 2025-11-27 13:48:45 CET.
| Flavor | Version | Tinstall | Tcheck | Ttotal | Status | Flags |
|---|---|---|---|---|---|---|
| r-devel-linux-x86_64-debian-clang | 1.0.2 | 25.94 | 56.68 | 82.62 | NOTE | |
| r-devel-linux-x86_64-debian-gcc | 1.0.2 | 15.74 | 37.71 | 53.45 | NOTE | |
| r-devel-linux-x86_64-fedora-clang | 1.0.2 | 46.00 | 91.86 | 137.86 | OK | |
| r-devel-linux-x86_64-fedora-gcc | 1.0.2 | 59.00 | 75.10 | 134.10 | OK | |
| r-devel-windows-x86_64 | 1.0.2 | 34.00 | 83.00 | 117.00 | OK | |
| r-patched-linux-x86_64 | 1.0.2 | 22.98 | 54.24 | 77.22 | WARN | |
| r-release-linux-x86_64 | 1.0.2 | 24.93 | 52.94 | 77.87 | OK | |
| r-release-macos-arm64 | 1.0.2 | OK | ||||
| r-release-macos-x86_64 | 1.0.2 | 23.00 | 43.00 | 66.00 | OK | |
| r-release-windows-x86_64 | 1.0.2 | 29.00 | 88.00 | 117.00 | OK | |
| r-oldrel-macos-arm64 | 1.0.2 | OK | ||||
| r-oldrel-macos-x86_64 | 1.0.2 | 27.00 | 78.00 | 105.00 | OK | |
| r-oldrel-windows-x86_64 | 1.0.2 | 30.00 | 9.00 | 39.00 | ERROR |
Version: 1.0.2
Check: CRAN incoming feasibility
Result: NOTE
Maintainer: ‘Lenard Dome <lenarddome@gmail.com>’
Found the following \keyword or \concept entries
which likely give several index terms:
File ‘psp.Rd’:
\keyword{computational modelling; parameter space [TRUNCATED]
File ‘pspGlobal.Rd’:
\keyword{computational modelling; parameter space [TRUNCATED]
File ‘psp_global.Rd’:
\keyword{computational modelling; parameter space; [TRUNCATED]
Flavors: r-devel-linux-x86_64-debian-clang, r-devel-linux-x86_64-debian-gcc
Version: 1.0.2
Check: whether package can be installed
Result: WARN
Found the following significant warnings:
pspGlobal.cpp:178:28: warning: overflow in conversion from ‘double’ to ‘int’ changes value from ‘+Inf’ to ‘2147483647’ [-Woverflow]
pspGlobal.cpp:182:26: warning: overflow in conversion from ‘double’ to ‘int’ changes value from ‘+Inf’ to ‘2147483647’ [-Woverflow]
See ‘/home/hornik/tmp/R.check/r-patched-gcc/Work/PKGS/psp.Rcheck/00install.out’ for details.
* used C++ compiler: ‘g++-14 (Debian 14.3.0-10) 14.3.0’
Flavor: r-patched-linux-x86_64
Version: 1.0.2
Check: whether package can be installed
Result: ERROR
Installation failed.
Flavor: r-oldrel-windows-x86_64