Last updated on 2025-11-01 00:50:08 CET.
| Flavor | Version | Tinstall | Tcheck | Ttotal | Status | Flags |
|---|---|---|---|---|---|---|
| r-devel-linux-x86_64-debian-clang | 1.0.1 | 1.52 | 24.02 | 25.54 | OK | |
| r-devel-linux-x86_64-debian-gcc | 1.0.1 | 1.57 | 18.93 | 20.50 | OK | |
| r-devel-linux-x86_64-fedora-clang | 1.0.1 | 35.82 | NOTE | |||
| r-devel-linux-x86_64-fedora-gcc | 1.0.1 | 34.45 | NOTE | |||
| r-devel-windows-x86_64 | 1.0.1 | 3.00 | 43.00 | 46.00 | OK | |
| r-patched-linux-x86_64 | 1.0.1 | 2.46 | 21.41 | 23.87 | OK | |
| r-release-linux-x86_64 | 1.0.1 | 1.94 | 21.46 | 23.40 | OK | |
| r-release-macos-arm64 | 1.0.1 | 1.00 | 16.00 | 17.00 | OK | |
| r-release-macos-x86_64 | 1.0.1 | 3.00 | 35.00 | 38.00 | OK | |
| r-release-windows-x86_64 | 1.0.1 | 4.00 | 45.00 | 49.00 | OK | |
| r-oldrel-macos-arm64 | 1.0.1 | 1.00 | 15.00 | 16.00 | OK | |
| r-oldrel-macos-x86_64 | 1.0.1 | 2.00 | 21.00 | 23.00 | OK | |
| r-oldrel-windows-x86_64 | 1.0.1 | 4.00 | 52.00 | 56.00 | OK |
Version: 1.0.1
Check: dependencies in R code
Result: NOTE
Namespace in Imports field not imported from: ‘Rdpack’
All declared Imports should be used.
Flavors: r-devel-linux-x86_64-fedora-clang, r-devel-linux-x86_64-fedora-gcc