Last updated on 2024-07-18 01:55:40 CEST.
Flavor | Version | Tinstall | Tcheck | Ttotal | Status | Flags |
---|---|---|---|---|---|---|
r-devel-linux-x86_64-debian-clang | 2.2.1 | 7.98 | 87.98 | 95.96 | OK | |
r-devel-linux-x86_64-debian-gcc | 2.2.1 | 7.08 | 64.11 | 71.19 | OK | |
r-devel-linux-x86_64-fedora-clang | 2.2.1 | 122.71 | NOTE | |||
r-devel-linux-x86_64-fedora-gcc | 2.2.1 | 116.47 | NOTE | |||
r-devel-windows-x86_64 | 2.2.1 | 10.00 | 81.00 | 91.00 | OK | |
r-patched-linux-x86_64 | 2.2.1 | 9.24 | 81.95 | 91.19 | OK | |
r-release-linux-x86_64 | 2.2.1 | 10.37 | 80.63 | 91.00 | OK | |
r-release-macos-arm64 | 2.2.1 | 34.00 | OK | |||
r-release-macos-x86_64 | 2.2.1 | 57.00 | OK | |||
r-release-windows-x86_64 | 2.2.1 | 9.00 | 82.00 | 91.00 | OK | |
r-oldrel-macos-arm64 | 2.2.1 | 39.00 | OK | |||
r-oldrel-macos-x86_64 | 2.2.1 | 63.00 | OK | |||
r-oldrel-windows-x86_64 | 2.2.1 | 12.00 | 97.00 | 109.00 | OK |
Version: 2.2.1
Check: dependencies in R code
Result: NOTE
Namespace in Imports field not imported from: ‘SparseM’
All declared Imports should be used.
Flavors: r-devel-linux-x86_64-fedora-clang, r-devel-linux-x86_64-fedora-gcc