Last updated on 2025-10-31 13:50:59 CET.
| Flavor | Version | Tinstall | Tcheck | Ttotal | Status | Flags | 
|---|---|---|---|---|---|---|
| r-devel-linux-x86_64-debian-clang | 0.1.0 | 1.66 | 20.63 | 22.29 | OK | |
| r-devel-linux-x86_64-debian-gcc | 0.1.0 | 1.34 | 16.95 | 18.29 | OK | |
| r-devel-linux-x86_64-fedora-clang | 0.1.0 | 32.83 | OK | |||
| r-devel-linux-x86_64-fedora-gcc | 0.1.0 | 31.37 | OK | |||
| r-devel-windows-x86_64 | 0.1.0 | 3.00 | 45.00 | 48.00 | OK | |
| r-patched-linux-x86_64 | 0.1.0 | 1.70 | 19.60 | 21.30 | OK | |
| r-release-linux-x86_64 | 0.1.0 | 1.59 | 19.64 | 21.23 | OK | |
| r-release-macos-arm64 | 0.1.0 | 1.00 | 17.00 | 18.00 | OK | |
| r-release-macos-x86_64 | 0.1.0 | 2.00 | 23.00 | 25.00 | OK | |
| r-release-windows-x86_64 | 0.1.0 | 3.00 | 46.00 | 49.00 | OK | |
| r-oldrel-macos-arm64 | 0.1.0 | 1.00 | 15.00 | 16.00 | NOTE | |
| r-oldrel-macos-x86_64 | 0.1.0 | 1.00 | 21.00 | 22.00 | NOTE | |
| r-oldrel-windows-x86_64 | 0.1.0 | 4.00 | 50.00 | 54.00 | NOTE | 
Version: 0.1.0
Check: LazyData
Result: NOTE
    'LazyData' is specified without a 'data' directory
Flavors: r-oldrel-macos-arm64, r-oldrel-macos-x86_64, r-oldrel-windows-x86_64