Last updated on 2025-10-31 13:50:59 CET.
| Flavor | Version | Tinstall | Tcheck | Ttotal | Status | Flags | 
|---|---|---|---|---|---|---|
| r-devel-linux-x86_64-debian-clang | 0.5-8 | 7.52 | 44.15 | 51.67 | NOTE | |
| r-devel-linux-x86_64-debian-gcc | 0.5-8 | 6.69 | 41.75 | 48.44 | NOTE | |
| r-devel-linux-x86_64-fedora-clang | 0.5-8 | 16.00 | 63.36 | 79.36 | OK | |
| r-devel-linux-x86_64-fedora-gcc | 0.5-8 | 39.00 | 42.84 | 81.84 | OK | |
| r-devel-windows-x86_64 | 0.5-8 | 10.00 | 57.00 | 67.00 | OK | |
| r-patched-linux-x86_64 | 0.5-8 | 8.45 | 36.73 | 45.18 | OK | |
| r-release-linux-x86_64 | 0.5-8 | 7.62 | 36.52 | 44.14 | OK | |
| r-release-macos-arm64 | 0.5-8 | 7.00 | 29.00 | 36.00 | OK | |
| r-release-macos-x86_64 | 0.5-8 | 10.00 | 38.00 | 48.00 | OK | |
| r-release-windows-x86_64 | 0.5-8 | 10.00 | 73.00 | 83.00 | OK | |
| r-oldrel-macos-arm64 | 0.5-8 | 7.00 | 24.00 | 31.00 | OK | |
| r-oldrel-macos-x86_64 | 0.5-8 | 7.00 | 50.00 | 57.00 | OK | |
| r-oldrel-windows-x86_64 | 0.5-8 | 11.00 | 56.00 | 67.00 | OK | 
Version: 0.5-8
Check: CRAN incoming feasibility
Result: NOTE
  Maintainer: ‘Davide Massidda <davide.massidda@gmail.com>’
  
  No Authors@R field in DESCRIPTION.
  Please add one, modifying
    Authors@R: c(person(given = "Giulio",
                        family = "Vidotto",
                        role = "aut",
                        email = "giulio.vidotto@unipd.it"),
                 person(given = "Stefano",
                        family = "Noventa",
                        role = "aut",
                        email = "stefano.noventa@uni-tuebingen.de"),
                 person(given = "Davide",
                        family = "Massidda",
                        role = c("aut", "cre"),
                        email = "davide.massidda@gmail.com"),
                 person(given = "Marco",
                        family = "Vicentini",
                        role = "aut",
                        email = "marco.vicentini@gmail.com"))
  as necessary.
Flavors: r-devel-linux-x86_64-debian-clang, r-devel-linux-x86_64-debian-gcc