Last updated on 2025-10-31 13:50:59 CET.
| Flavor | Version | Tinstall | Tcheck | Ttotal | Status | Flags | 
|---|---|---|---|---|---|---|
| r-devel-linux-x86_64-debian-clang | 1.1.1 | 1.81 | 26.60 | 28.41 | NOTE | |
| r-devel-linux-x86_64-debian-gcc | 1.1.1 | 1.46 | 20.84 | 22.30 | NOTE | |
| r-devel-linux-x86_64-fedora-clang | 1.1.1 | 42.07 | NOTE | |||
| r-devel-linux-x86_64-fedora-gcc | 1.1.1 | 42.00 | NOTE | |||
| r-devel-windows-x86_64 | 1.1.1 | 3.00 | 52.00 | 55.00 | OK | |
| r-patched-linux-x86_64 | 1.1.1 | 2.29 | 25.20 | 27.49 | NOTE | |
| r-release-linux-x86_64 | 1.1.1 | 1.79 | 24.93 | 26.72 | NOTE | |
| r-release-macos-arm64 | 1.1.1 | 1.00 | 15.00 | 16.00 | OK | |
| r-release-macos-x86_64 | 1.1.1 | 2.00 | 26.00 | 28.00 | OK | |
| r-release-windows-x86_64 | 1.1.1 | 3.00 | 52.00 | 55.00 | OK | |
| r-oldrel-macos-arm64 | 1.1.1 | 1.00 | 16.00 | 17.00 | OK | |
| r-oldrel-macos-x86_64 | 1.1.1 | 1.00 | 22.00 | 23.00 | OK | |
| r-oldrel-windows-x86_64 | 1.1.1 | 4.00 | 46.00 | 50.00 | OK | 
Version: 1.1.1
Check: CRAN incoming feasibility
Result: NOTE
  Maintainer: ‘Wolfgang Konen <wolfgang.konen@fh-koeln.de>’
  
  No Authors@R field in DESCRIPTION.
  Please add one, modifying
    Authors@R: c(person(given = "Wolfgang",
                        family = "Konen",
                        role = c("aut", "cre"),
                        email = "wolfgang.konen@fh-koeln.de"),
                 person(given = "Nikolaus",
                        family = "Hansen",
                        role = "aut",
                        email = "hansen.AT.lri.fr"))
  as necessary.
Flavors: r-devel-linux-x86_64-debian-clang, r-devel-linux-x86_64-debian-gcc
Version: 1.1.1
Check: for non-standard things in the check directory
Result: NOTE
  Found the following files/directories:
    ‘outcmaesdisp.dat’
Flavors: r-devel-linux-x86_64-debian-clang, r-devel-linux-x86_64-debian-gcc, r-devel-linux-x86_64-fedora-clang, r-devel-linux-x86_64-fedora-gcc, r-patched-linux-x86_64, r-release-linux-x86_64