Last updated on 2025-10-31 13:51:00 CET.
| Flavor | Version | Tinstall | Tcheck | Ttotal | Status | Flags | 
|---|---|---|---|---|---|---|
| r-devel-linux-x86_64-debian-clang | 0.1.0 | 3.53 | 22.70 | 26.23 | NOTE | |
| r-devel-linux-x86_64-debian-gcc | 0.1.0 | 2.47 | 18.81 | 21.28 | NOTE | |
| r-devel-linux-x86_64-fedora-clang | 0.1.0 | 38.92 | NOTE | |||
| r-devel-linux-x86_64-fedora-gcc | 0.1.0 | 37.82 | NOTE | |||
| r-devel-windows-x86_64 | 0.1.0 | 4.00 | 43.00 | 47.00 | NOTE | |
| r-patched-linux-x86_64 | 0.1.0 | 3.71 | 21.28 | 24.99 | NOTE | |
| r-release-linux-x86_64 | 0.1.0 | 3.18 | 21.48 | 24.66 | NOTE | |
| r-release-macos-arm64 | 0.1.0 | 1.00 | 15.00 | 16.00 | NOTE | |
| r-release-macos-x86_64 | 0.1.0 | 2.00 | 28.00 | 30.00 | NOTE | |
| r-release-windows-x86_64 | 0.1.0 | 5.00 | 49.00 | 54.00 | NOTE | |
| r-oldrel-macos-arm64 | 0.1.0 | 2.00 | 13.00 | 15.00 | NOTE | |
| r-oldrel-macos-x86_64 | 0.1.0 | 2.00 | 23.00 | 25.00 | NOTE | |
| r-oldrel-windows-x86_64 | 0.1.0 | 4.00 | 43.00 | 47.00 | NOTE | 
Version: 0.1.0
Check: package subdirectories
Result: NOTE
  Problems with news in ‘NEWS.md’:
  No news entries found.
Flavors: r-devel-linux-x86_64-debian-clang, r-devel-linux-x86_64-debian-gcc, r-devel-linux-x86_64-fedora-clang, r-devel-linux-x86_64-fedora-gcc, r-devel-windows-x86_64, r-patched-linux-x86_64, r-release-linux-x86_64, r-release-macos-arm64, r-release-macos-x86_64, r-release-windows-x86_64, r-oldrel-macos-arm64, r-oldrel-macos-x86_64, r-oldrel-windows-x86_64