Last updated on 2025-10-31 13:51:01 CET.
| Flavor | Version | Tinstall | Tcheck | Ttotal | Status | Flags | 
|---|---|---|---|---|---|---|
| r-devel-linux-x86_64-debian-clang | 2.22.12 | 4.76 | 75.85 | 80.61 | NOTE | |
| r-devel-linux-x86_64-debian-gcc | 2.22.12 | 3.27 | 56.22 | 59.49 | NOTE | |
| r-devel-linux-x86_64-fedora-clang | 2.22.12 | 115.69 | OK | |||
| r-devel-linux-x86_64-fedora-gcc | 2.22.12 | 124.23 | OK | |||
| r-devel-windows-x86_64 | 2.22.12 | 6.00 | 160.00 | 166.00 | OK | |
| r-patched-linux-x86_64 | 2.22.12 | 5.20 | 73.25 | 78.45 | OK | |
| r-release-linux-x86_64 | 2.22.12 | 4.82 | 72.59 | 77.41 | OK | |
| r-release-macos-arm64 | 2.22.12 | 2.00 | 50.00 | 52.00 | OK | |
| r-release-macos-x86_64 | 2.22.12 | 5.00 | 132.00 | 137.00 | OK | |
| r-release-windows-x86_64 | 2.22.12 | 6.00 | 177.00 | 183.00 | OK | |
| r-oldrel-macos-arm64 | 2.22.12 | 2.00 | 43.00 | 45.00 | OK | |
| r-oldrel-macos-x86_64 | 2.22.12 | 3.00 | 114.00 | 117.00 | OK | |
| r-oldrel-windows-x86_64 | 2.22.12 | 5.00 | 168.00 | 173.00 | OK | 
Version: 2.22.12
Check: CRAN incoming feasibility
Result: NOTE
  Maintainer: ‘Chanseok Park <statpnu@gmail.com>’
  
  Package CITATION file contains call(s) to old-style personList() or
  as.personList().  Please use c() on person objects instead.
  Package CITATION file contains call(s) to old-style citEntry().  Please
  use bibentry() instead.
Flavors: r-devel-linux-x86_64-debian-clang, r-devel-linux-x86_64-debian-gcc