Last updated on 2024-05-27 02:48:13 CEST.
Flavor | Version | Tinstall | Tcheck | Ttotal | Status | Flags |
---|---|---|---|---|---|---|
r-devel-linux-x86_64-debian-clang | 0.2.1 | 2.29 | 33.70 | 35.99 | NOTE | |
r-devel-linux-x86_64-debian-gcc | 0.2.1 | 1.41 | 27.09 | 28.50 | NOTE | |
r-devel-linux-x86_64-fedora-clang | 0.2.1 | 46.06 | NOTE | |||
r-devel-linux-x86_64-fedora-gcc | 0.2.1 | 45.22 | NOTE | |||
r-devel-windows-x86_64 | 0.2.1 | 3.00 | 49.00 | 52.00 | NOTE | |
r-patched-linux-x86_64 | 0.2.1 | 2.44 | 32.43 | 34.87 | NOTE | |
r-release-linux-x86_64 | 0.2.1 | 2.29 | 32.88 | 35.17 | NOTE | |
r-release-macos-arm64 | 0.2.1 | 18.00 | NOTE | |||
r-release-windows-x86_64 | 0.2.1 | 3.00 | 50.00 | 53.00 | NOTE | |
r-oldrel-macos-arm64 | 0.2.1 | 22.00 | NOTE | |||
r-oldrel-macos-x86_64 | 0.2.1 | 27.00 | NOTE | |||
r-oldrel-windows-x86_64 | 0.2.1 | 3.00 | 54.00 | 57.00 | NOTE |
Version: 0.2.1
Check: LazyData
Result: NOTE
'LazyData' is specified without a 'data' directory
Flavors: r-devel-linux-x86_64-debian-clang, r-devel-linux-x86_64-debian-gcc, r-devel-linux-x86_64-fedora-clang, r-devel-linux-x86_64-fedora-gcc, r-devel-windows-x86_64, r-patched-linux-x86_64, r-release-linux-x86_64, r-release-macos-arm64, r-release-windows-x86_64, r-oldrel-macos-arm64, r-oldrel-macos-x86_64, r-oldrel-windows-x86_64