Last updated on 2025-10-31 13:50:59 CET.
| Flavor | Version | Tinstall | Tcheck | Ttotal | Status | Flags | 
|---|---|---|---|---|---|---|
| r-devel-linux-x86_64-debian-clang | 1.0 | 1.71 | 20.51 | 22.22 | NOTE | |
| r-devel-linux-x86_64-debian-gcc | 1.0 | 1.37 | 17.87 | 19.24 | NOTE | |
| r-devel-linux-x86_64-fedora-clang | 1.0 | 34.04 | OK | |||
| r-devel-linux-x86_64-fedora-gcc | 1.0 | 31.39 | OK | |||
| r-devel-windows-x86_64 | 1.0 | 2.00 | 42.00 | 44.00 | OK | |
| r-patched-linux-x86_64 | 1.0 | 1.60 | 20.58 | 22.18 | OK | |
| r-release-linux-x86_64 | 1.0 | 1.53 | 20.54 | 22.07 | OK | |
| r-release-macos-arm64 | 1.0 | 1.00 | 14.00 | 15.00 | OK | |
| r-release-macos-x86_64 | 1.0 | 1.00 | 24.00 | 25.00 | OK | |
| r-release-windows-x86_64 | 1.0 | 3.00 | 46.00 | 49.00 | OK | |
| r-oldrel-macos-arm64 | 1.0 | 1.00 | 14.00 | 15.00 | OK | |
| r-oldrel-macos-x86_64 | 1.0 | 1.00 | 20.00 | 21.00 | OK | |
| r-oldrel-windows-x86_64 | 1.0 | 3.00 | 43.00 | 46.00 | OK | 
Version: 1.0
Check: CRAN incoming feasibility
Result: NOTE
  Maintainer: ‘Daniel F. Schmidt <daniel.schmidt@monash.edu>’
  
  The Description field contains
    <arXiv:1809.05212>.
  Please refer to arXiv e-prints via their arXiv DOI <doi:10.48550/arXiv.YYMM.NNNNN>.
  
  Found the following \keyword or \concept entries
  which likely give several index terms:
    File ‘randcorr-package.Rd’:
      \keyword{matrix,}
Flavors: r-devel-linux-x86_64-debian-clang, r-devel-linux-x86_64-debian-gcc