CRAN Package Check Results for Package randgeo

Last updated on 2025-11-14 12:50:21 CET.

Flavor Version Tinstall Tcheck Ttotal Status Flags
r-devel-linux-x86_64-debian-clang 0.3.0 1.90 26.93 28.83 NOTE
r-devel-linux-x86_64-debian-gcc 0.3.0 1.45 22.31 23.76 NOTE
r-devel-linux-x86_64-fedora-clang 0.3.0 45.38 OK
r-devel-linux-x86_64-fedora-gcc 0.3.0 55.33 OK
r-devel-windows-x86_64 0.3.0 3.00 48.00 51.00 OK
r-patched-linux-x86_64 0.3.0 1.80 24.47 26.27 OK
r-release-linux-x86_64 0.3.0 1.63 24.18 25.81 OK
r-release-macos-arm64 0.3.0 1.00 31.00 32.00 OK
r-release-macos-x86_64 0.3.0 2.00 39.00 41.00 OK
r-release-windows-x86_64 0.3.0 4.00 46.00 50.00 OK
r-oldrel-macos-arm64 0.3.0 1.00 23.00 24.00 NOTE
r-oldrel-macos-x86_64 0.3.0 1.00 32.00 33.00 NOTE
r-oldrel-windows-x86_64 0.3.0 3.00 54.00 57.00 NOTE

Check Details

Version: 0.3.0
Check: CRAN incoming feasibility
Result: NOTE Maintainer: ‘Scott Chamberlain <myrmecocystus@gmail.com>’ Found the following (possibly) invalid file URI: URI: CODE_OF_CONDUCT.md From: README.md Flavors: r-devel-linux-x86_64-debian-clang, r-devel-linux-x86_64-debian-gcc

Version: 0.3.0
Check: LazyData
Result: NOTE 'LazyData' is specified without a 'data' directory Flavors: r-oldrel-macos-arm64, r-oldrel-macos-x86_64, r-oldrel-windows-x86_64