Last updated on 2025-10-31 13:50:59 CET.
| Flavor | Version | Tinstall | Tcheck | Ttotal | Status | Flags | 
|---|---|---|---|---|---|---|
| r-devel-linux-x86_64-debian-clang | 0.1-3 | 17.81 | 115.37 | 133.18 | OK | |
| r-devel-linux-x86_64-debian-gcc | 0.1-3 | 12.62 | 73.34 | 85.96 | OK | |
| r-devel-linux-x86_64-fedora-clang | 0.1-3 | 37.00 | 165.58 | 202.58 | OK | |
| r-devel-linux-x86_64-fedora-gcc | 0.1-3 | 33.00 | 167.27 | 200.27 | OK | |
| r-devel-windows-x86_64 | 0.1-3 | 19.00 | 128.00 | 147.00 | OK | |
| r-patched-linux-x86_64 | 0.1-3 | 17.97 | 106.48 | 124.45 | OK | |
| r-release-linux-x86_64 | 0.1-3 | 18.34 | 106.20 | 124.54 | OK | |
| r-release-macos-arm64 | 0.1-3 | 10.00 | 44.00 | 54.00 | OK | |
| r-release-macos-x86_64 | 0.1-3 | 14.00 | 91.00 | 105.00 | OK | |
| r-release-windows-x86_64 | 0.1-3 | 19.00 | 131.00 | 150.00 | OK | |
| r-oldrel-macos-arm64 | 0.1-3 | 9.00 | 40.00 | 49.00 | NOTE | |
| r-oldrel-macos-x86_64 | 0.1-3 | 16.00 | 108.00 | 124.00 | NOTE | |
| r-oldrel-windows-x86_64 | 0.1-3 | 26.00 | 161.00 | 187.00 | NOTE | 
Version: 0.1-3
Check: installed package size
Result: NOTE
    installed size is  5.2Mb
    sub-directories of 1Mb or more:
      data   4.2Mb
Flavors: r-oldrel-macos-arm64, r-oldrel-macos-x86_64, r-oldrel-windows-x86_64