Last updated on 2025-10-31 13:50:59 CET.
| Flavor | Version | Tinstall | Tcheck | Ttotal | Status | Flags | 
|---|---|---|---|---|---|---|
| r-devel-linux-x86_64-debian-clang | 0.1.1 | 1.83 | 21.04 | 22.87 | NOTE | |
| r-devel-linux-x86_64-debian-gcc | 0.1.1 | 1.39 | 17.38 | 18.77 | NOTE | |
| r-devel-linux-x86_64-fedora-clang | 0.1.1 | 33.02 | OK | |||
| r-devel-linux-x86_64-fedora-gcc | 0.1.1 | 31.66 | OK | |||
| r-devel-windows-x86_64 | 0.1.1 | 3.00 | 40.00 | 43.00 | OK | |
| r-patched-linux-x86_64 | 0.1.1 | 1.87 | 19.60 | 21.47 | OK | |
| r-release-linux-x86_64 | 0.1.1 | 1.72 | 19.69 | 21.41 | OK | |
| r-release-macos-arm64 | 0.1.1 | 1.00 | 14.00 | 15.00 | OK | |
| r-release-macos-x86_64 | 0.1.1 | 2.00 | 21.00 | 23.00 | OK | |
| r-release-windows-x86_64 | 0.1.1 | 3.00 | 42.00 | 45.00 | OK | |
| r-oldrel-macos-arm64 | 0.1.1 | 1.00 | 14.00 | 15.00 | OK | |
| r-oldrel-macos-x86_64 | 0.1.1 | 2.00 | 18.00 | 20.00 | OK | |
| r-oldrel-windows-x86_64 | 0.1.1 | 4.00 | 44.00 | 48.00 | OK | 
Version: 0.1.1
Check: CRAN incoming feasibility
Result: NOTE
  Maintainer: ‘Oliver Keyes <ironholds@gmail.com>’
  
  No Authors@R field in DESCRIPTION.
  Please add one, modifying
    Authors@R: person(given = "Oliver",
                      family = "Keyes",
                      role = c("aut", "cre"),
                      email = "ironholds@gmail.com")
  as necessary.
  
  The Description field contains
    A client library for 'The Guardian' (https://www.guardian.com/) and
  Please enclose URLs in angle brackets (<...>).
  
  The BugReports field in DESCRIPTION has
    https://github.com/ironholds/rdian
  which should likely be
    https://github.com/ironholds/rdian/issues
  instead.
Flavors: r-devel-linux-x86_64-debian-clang, r-devel-linux-x86_64-debian-gcc