Last updated on 2025-10-31 13:51:00 CET.
| Flavor | Version | Tinstall | Tcheck | Ttotal | Status | Flags | 
|---|---|---|---|---|---|---|
| r-devel-linux-x86_64-debian-clang | 1.0 | 2.06 | 21.62 | 23.68 | NOTE | |
| r-devel-linux-x86_64-debian-gcc | 1.0 | 1.80 | 17.35 | 19.15 | NOTE | |
| r-devel-linux-x86_64-fedora-clang | 1.0 | 34.80 | OK | |||
| r-devel-linux-x86_64-fedora-gcc | 1.0 | 33.44 | OK | |||
| r-devel-windows-x86_64 | 1.0 | 6.00 | 42.00 | 48.00 | OK | |
| r-patched-linux-x86_64 | 1.0 | 1.49 | 20.57 | 22.06 | OK | |
| r-release-linux-x86_64 | 1.0 | 2.00 | 20.41 | 22.41 | OK | |
| r-release-macos-arm64 | 1.0 | 1.00 | 16.00 | 17.00 | OK | |
| r-release-macos-x86_64 | 1.0 | 2.00 | 27.00 | 29.00 | OK | |
| r-release-windows-x86_64 | 1.0 | 5.00 | 49.00 | 54.00 | OK | |
| r-oldrel-macos-arm64 | 1.0 | 1.00 | 13.00 | 14.00 | OK | |
| r-oldrel-macos-x86_64 | 1.0 | 2.00 | 19.00 | 21.00 | OK | |
| r-oldrel-windows-x86_64 | 1.0 | 4.00 | 42.00 | 46.00 | OK | 
Version: 1.0
Check: CRAN incoming feasibility
Result: NOTE
  Maintainer: ‘Kasper Kristensen <kaskr@dtu.dk>’
  
  No Authors@R field in DESCRIPTION.
  Please add one, modifying
    Authors@R: person(given = "Kasper",
                      family = "Kristensen",
                      role = c("aut", "cre"),
                      email = "kaskr@dtu.dk")
  as necessary.
Flavors: r-devel-linux-x86_64-debian-clang, r-devel-linux-x86_64-debian-gcc