Last updated on 2025-10-31 13:51:00 CET.
| Flavor | Version | Tinstall | Tcheck | Ttotal | Status | Flags | 
|---|---|---|---|---|---|---|
| r-devel-linux-x86_64-debian-clang | 2.9 | 10.86 | 91.25 | 102.11 | NOTE | |
| r-devel-linux-x86_64-debian-gcc | 2.9 | 7.39 | 64.85 | 72.24 | NOTE | |
| r-devel-linux-x86_64-fedora-clang | 2.9 | 20.00 | 137.21 | 157.21 | OK | |
| r-devel-linux-x86_64-fedora-gcc | 2.9 | 23.00 | 126.61 | 149.61 | OK | |
| r-devel-windows-x86_64 | 2.9 | 12.00 | 100.00 | 112.00 | OK | |
| r-patched-linux-x86_64 | 2.9 | 11.17 | 86.76 | 97.93 | OK | |
| r-release-linux-x86_64 | 2.9 | 8.78 | 86.81 | 95.59 | OK | |
| r-release-macos-arm64 | 2.9 | 5.00 | 37.00 | 42.00 | OK | |
| r-release-macos-x86_64 | 2.9 | 8.00 | 69.00 | 77.00 | OK | |
| r-release-windows-x86_64 | 2.9 | 13.00 | 103.00 | 116.00 | OK | |
| r-oldrel-macos-arm64 | 2.9 | 4.00 | 37.00 | 41.00 | OK | |
| r-oldrel-macos-x86_64 | 2.9 | 7.00 | 54.00 | 61.00 | OK | |
| r-oldrel-windows-x86_64 | 2.9 | 16.00 | 129.00 | 145.00 | OK | 
Version: 2.9
Check: CRAN incoming feasibility
Result: NOTE
  Maintainer: ‘Leonardo Dapporto <leondap@gmail.com>’
  
  No Authors@R field in DESCRIPTION.
  Please add one, modifying
    Authors@R: c(person(given = "Leonardo",
                        family = "Dapporto",
                        role = c("aut", "cre"),
                        email = "leondap@gmail.com"),
                 person(given = "Matteo",
                        family = "Ramazzotti",
                        role = "aut"),
                 person(given = "Simone",
                        family = "Fattorini",
                        role = "aut"),
                 person(given = "Roger",
                        family = "Vila",
                        role = "aut"),
                 person(given = "Gerard",
                        family = "Talavera",
                        role = "aut"),
                 person(given = c("Roger", "H.L."),
                        family = "Dennis",
                        role = "aut"))
  as necessary.
Flavors: r-devel-linux-x86_64-debian-clang, r-devel-linux-x86_64-debian-gcc