Last updated on 2025-10-31 13:51:00 CET.
| Flavor | Version | Tinstall | Tcheck | Ttotal | Status | Flags | 
|---|---|---|---|---|---|---|
| r-devel-linux-x86_64-debian-clang | 0.1.1 | 2.86 | 39.98 | 42.84 | NOTE | |
| r-devel-linux-x86_64-debian-gcc | 0.1.1 | 2.20 | 31.27 | 33.47 | NOTE | |
| r-devel-linux-x86_64-fedora-clang | 0.1.1 | 63.29 | NOTE | |||
| r-devel-linux-x86_64-fedora-gcc | 0.1.1 | 60.73 | NOTE | |||
| r-patched-linux-x86_64 | 0.1.1 | 3.10 | 37.67 | 40.77 | NOTE | |
| r-release-linux-x86_64 | 0.1.1 | 2.77 | 38.02 | 40.79 | NOTE | |
| r-release-macos-arm64 | 0.1.1 | 1.00 | 22.00 | 23.00 | NOTE | |
| r-release-macos-x86_64 | 0.1.1 | 2.00 | 37.00 | 39.00 | NOTE | |
| r-oldrel-macos-arm64 | 0.1.1 | 2.00 | 26.00 | 28.00 | OK | |
| r-oldrel-macos-x86_64 | 0.1.1 | 5.00 | 58.00 | 63.00 | OK | 
Version: 0.1.1
Check: DESCRIPTION meta-information
Result: NOTE
    Missing dependency on R >= 4.1.0 because package code uses the pipe
    |> or function shorthand \(...) syntax added in R 4.1.0.
    File(s) using such syntax:
      ‘redSolve.R’
Flavors: r-devel-linux-x86_64-debian-clang, r-devel-linux-x86_64-debian-gcc, r-devel-linux-x86_64-fedora-clang, r-devel-linux-x86_64-fedora-gcc, r-patched-linux-x86_64, r-release-linux-x86_64, r-release-macos-arm64, r-release-macos-x86_64