Last updated on 2025-07-08 13:49:18 CEST.
Flavor | Version | Tinstall | Tcheck | Ttotal | Status | Flags |
---|---|---|---|---|---|---|
r-devel-linux-x86_64-debian-clang | 1.0.4 | 77.02 | 261.52 | 338.54 | OK | |
r-devel-linux-x86_64-debian-gcc | 1.0.4 | 62.91 | 198.01 | 260.92 | OK | |
r-devel-linux-x86_64-fedora-clang | 1.0.4 | 572.89 | OK | |||
r-devel-linux-x86_64-fedora-gcc | 1.0.4 | 598.25 | OK | |||
r-devel-windows-x86_64 | 1.0.4 | 83.00 | 305.00 | 388.00 | OK | |
r-patched-linux-x86_64 | 1.0.4 | 86.40 | 285.20 | 371.60 | OK | |
r-release-linux-x86_64 | 1.0.4 | 87.59 | 283.85 | 371.44 | OK | |
r-release-macos-arm64 | 1.0.4 | 201.00 | OK | |||
r-release-macos-x86_64 | 1.0.4 | 360.00 | OK | |||
r-release-windows-x86_64 | 1.0.4 | 84.00 | 308.00 | 392.00 | OK | |
r-oldrel-macos-arm64 | 1.0.4 | 181.00 | NOTE | |||
r-oldrel-macos-x86_64 | 1.0.4 | 279.00 | NOTE | |||
r-oldrel-windows-x86_64 | 1.0.4 | 102.00 | 399.00 | 501.00 | OK |
Version: 1.0.4
Check: installed package size
Result: NOTE
installed size is 25.2Mb
sub-directories of 1Mb or more:
libs 23.8Mb
Flavors: r-oldrel-macos-arm64, r-oldrel-macos-x86_64