CRAN Package Check Results for Package restriktor

Last updated on 2025-07-08 13:49:18 CEST.

Flavor Version Tinstall Tcheck Ttotal Status Flags
r-devel-linux-x86_64-debian-clang 0.6-10 22.76 1.49 24.25 FAIL
r-devel-linux-x86_64-debian-gcc 0.6-10 14.26 194.44 208.70 OK
r-devel-linux-x86_64-fedora-clang 0.6-10 467.58 OK
r-devel-linux-x86_64-fedora-gcc 0.6-10 458.66 OK
r-devel-windows-x86_64 0.6-10 23.00 248.00 271.00 OK
r-patched-linux-x86_64 0.6-10 24.69 266.17 290.86 OK
r-release-linux-x86_64 0.6-10 22.83 268.78 291.61 OK
r-release-macos-arm64 0.6-10 165.00 OK
r-release-macos-x86_64 0.6-10 245.00 OK
r-release-windows-x86_64 0.6-10 24.00 243.00 267.00 OK
r-oldrel-macos-arm64 0.6-10 111.00 OK
r-oldrel-macos-x86_64 0.6-10 232.00 OK
r-oldrel-windows-x86_64 0.6-10 32.00 318.00 350.00 OK

Check Details

Version: 0.6-10
Check: package dependencies
Result: FAIL
Flavor: r-devel-linux-x86_64-debian-clang