Last updated on 2024-05-28 12:56:26 CEST.
Flavor | Version | Tinstall | Tcheck | Ttotal | Status | Flags |
---|---|---|---|---|---|---|
r-devel-linux-x86_64-debian-clang | 0.2.3 | 6.90 | 53.15 | 60.05 | NOTE | |
r-devel-linux-x86_64-debian-gcc | 0.2.3 | 4.87 | 39.34 | 44.21 | NOTE | |
r-devel-linux-x86_64-fedora-clang | 0.2.3 | 73.78 | NOTE | |||
r-devel-linux-x86_64-fedora-gcc | 0.2.3 | 68.88 | NOTE | |||
r-devel-windows-x86_64 | 0.2.3 | 8.00 | 80.00 | 88.00 | NOTE | |
r-patched-linux-x86_64 | 0.2.3 | 10.76 | 50.33 | 61.09 | NOTE | |
r-release-linux-x86_64 | 0.2.3 | 5.23 | 49.59 | 54.82 | NOTE | |
r-release-macos-arm64 | 0.2.3 | 33.00 | NOTE | |||
r-release-windows-x86_64 | 0.2.3 | 9.00 | 73.00 | 82.00 | NOTE | |
r-oldrel-macos-arm64 | 0.2.3 | 34.00 | OK | |||
r-oldrel-macos-x86_64 | 0.2.3 | 50.00 | OK | |||
r-oldrel-windows-x86_64 | 0.2.3 | 10.00 | 126.00 | 136.00 | OK |
Version: 0.2.3
Check: Rd files
Result: NOTE
checkRd: (-1) elink.Rd:70-71: Lost braces in \itemize; meant \describe ?
checkRd: (-1) elink.Rd:72-73: Lost braces in \itemize; meant \describe ?
checkRd: (-1) elink.Rd:74-76: Lost braces in \itemize; meant \describe ?
checkRd: (-1) reutils-package.Rd:114: Lost braces
114 | code{reutils.test.remote} to \code{TRUE} to run the full suite of tests.
| ^
Flavors: r-devel-linux-x86_64-debian-clang, r-devel-linux-x86_64-debian-gcc, r-devel-linux-x86_64-fedora-clang, r-devel-linux-x86_64-fedora-gcc, r-devel-windows-x86_64, r-patched-linux-x86_64, r-release-linux-x86_64, r-release-macos-arm64, r-release-windows-x86_64