Last updated on 2024-05-27 02:48:14 CEST.
Flavor | Version | Tinstall | Tcheck | Ttotal | Status | Flags |
---|---|---|---|---|---|---|
r-devel-linux-x86_64-debian-clang | 0.2.0 | 5.54 | 70.60 | 76.14 | NOTE | |
r-devel-linux-x86_64-debian-gcc | 0.2.0 | 4.00 | 52.36 | 56.36 | NOTE | |
r-devel-linux-x86_64-fedora-clang | 0.2.0 | 92.91 | NOTE | |||
r-devel-linux-x86_64-fedora-gcc | 0.2.0 | 87.28 | NOTE | |||
r-devel-windows-x86_64 | 0.2.0 | 6.00 | 70.00 | 76.00 | NOTE | |
r-patched-linux-x86_64 | 0.2.0 | 5.89 | 67.43 | 73.32 | NOTE | |
r-release-linux-x86_64 | 0.2.0 | 5.82 | 68.40 | 74.22 | NOTE | |
r-release-macos-arm64 | 0.2.0 | 28.00 | NOTE | |||
r-release-windows-x86_64 | 0.2.0 | 7.00 | 70.00 | 77.00 | NOTE | |
r-oldrel-macos-arm64 | 0.2.0 | 25.00 | NOTE | |||
r-oldrel-macos-x86_64 | 0.2.0 | 36.00 | NOTE | |||
r-oldrel-windows-x86_64 | 0.2.0 | 8.00 | 84.00 | 92.00 | NOTE |
Version: 0.2.0
Check: package subdirectories
Result: NOTE
Problems with news in ‘NEWS.md’:
No news entries found.
Flavors: r-devel-linux-x86_64-debian-clang, r-devel-linux-x86_64-debian-gcc, r-devel-linux-x86_64-fedora-clang, r-devel-linux-x86_64-fedora-gcc, r-devel-windows-x86_64, r-patched-linux-x86_64, r-release-linux-x86_64, r-release-macos-arm64, r-release-windows-x86_64, r-oldrel-macos-arm64, r-oldrel-macos-x86_64, r-oldrel-windows-x86_64
Version: 0.2.0
Check: dependencies in R code
Result: NOTE
Namespace in Imports field not imported from: ‘sf’
All declared Imports should be used.
Flavors: r-devel-linux-x86_64-fedora-clang, r-devel-linux-x86_64-fedora-gcc