Last updated on 2025-07-08 13:49:18 CEST.
Flavor | Version | Tinstall | Tcheck | Ttotal | Status | Flags |
---|---|---|---|---|---|---|
r-devel-linux-x86_64-debian-clang | 0.1.0 | 244.59 | 42.21 | 286.80 | OK | |
r-devel-linux-x86_64-debian-gcc | 0.1.0 | 169.11 | 38.04 | 207.15 | OK | |
r-devel-linux-x86_64-fedora-clang | 0.1.0 | 552.69 | OK | |||
r-devel-linux-x86_64-fedora-gcc | 0.1.0 | 537.04 | OK | |||
r-devel-windows-x86_64 | 0.1.0 | 301.00 | 115.00 | 416.00 | OK | |
r-patched-linux-x86_64 | 0.1.0 | 246.87 | 48.67 | 295.54 | OK | |
r-release-linux-x86_64 | 0.1.0 | 245.99 | 49.03 | 295.02 | OK | |
r-release-macos-arm64 | 0.1.0 | 118.00 | OK | |||
r-release-macos-x86_64 | 0.1.0 | 113.00 | OK | |||
r-release-windows-x86_64 | 0.1.0 | 303.00 | 122.00 | 425.00 | OK | |
r-oldrel-macos-arm64 | 0.1.0 | 106.00 | NOTE | |||
r-oldrel-macos-x86_64 | 0.1.0 | 119.00 | NOTE | |||
r-oldrel-windows-x86_64 | 0.1.0 | 353.00 | 137.00 | 490.00 | OK |
Version: 0.1.0
Check: installed package size
Result: NOTE
installed size is 28.6Mb
sub-directories of 1Mb or more:
libs 27.4Mb
Flavors: r-oldrel-macos-arm64, r-oldrel-macos-x86_64