Last updated on 2025-10-31 13:51:00 CET.
| Flavor | Version | Tinstall | Tcheck | Ttotal | Status | Flags | 
|---|---|---|---|---|---|---|
| r-devel-linux-x86_64-debian-clang | 1.0.2 | 4.52 | 21.62 | 26.14 | NOTE | |
| r-devel-linux-x86_64-debian-gcc | 1.0.2 | 3.93 | 17.80 | 21.73 | NOTE | |
| r-devel-linux-x86_64-fedora-clang | 1.0.2 | 37.60 | OK | |||
| r-devel-linux-x86_64-fedora-gcc | 1.0.2 | 18.00 | 19.76 | 37.76 | OK | |
| r-devel-windows-x86_64 | 1.0.2 | 6.00 | 44.00 | 50.00 | OK | |
| r-patched-linux-x86_64 | 1.0.2 | 4.48 | 20.00 | 24.48 | OK | |
| r-release-linux-x86_64 | 1.0.2 | 5.14 | 20.11 | 25.25 | OK | |
| r-release-macos-arm64 | 1.0.2 | 3.00 | 16.00 | 19.00 | OK | |
| r-release-macos-x86_64 | 1.0.2 | 5.00 | 23.00 | 28.00 | OK | |
| r-release-windows-x86_64 | 1.0.2 | 6.00 | 46.00 | 52.00 | OK | |
| r-oldrel-macos-arm64 | 1.0.2 | 2.00 | 15.00 | 17.00 | NOTE | |
| r-oldrel-macos-x86_64 | 1.0.2 | 4.00 | 21.00 | 25.00 | NOTE | |
| r-oldrel-windows-x86_64 | 1.0.2 | 8.00 | 46.00 | 54.00 | NOTE | 
Version: 1.0.2
Check: CRAN incoming feasibility
Result: NOTE
  Maintainer: ‘Xiang LI <ynaulx@gmail.com>’
  
  No Authors@R field in DESCRIPTION.
  Please add one, modifying
    Authors@R: c(person(given = "Xiang",
                        family = "LI",
                        role = c("aut", "cre"),
                        email = "ynaulx@gmail.com"),
                 person(given = "Linna",
                        family = "MA",
                        role = "aut"))
  as necessary.
Flavors: r-devel-linux-x86_64-debian-clang, r-devel-linux-x86_64-debian-gcc
Version: 1.0.2
Check: LazyData
Result: NOTE
    'LazyData' is specified without a 'data' directory
Flavors: r-oldrel-macos-arm64, r-oldrel-macos-x86_64, r-oldrel-windows-x86_64