Last updated on 2024-07-18 01:55:41 CEST.
Flavor | Version | Tinstall | Tcheck | Ttotal | Status | Flags |
---|---|---|---|---|---|---|
r-devel-linux-x86_64-debian-clang | 0.2.3 | 2.87 | 34.15 | 37.02 | NOTE | |
r-devel-linux-x86_64-debian-gcc | 0.2.3 | 2.33 | 26.61 | 28.94 | NOTE | |
r-devel-linux-x86_64-fedora-clang | 0.2.3 | 51.27 | NOTE | |||
r-devel-linux-x86_64-fedora-gcc | 0.2.3 | 44.49 | NOTE | |||
r-devel-windows-x86_64 | 0.2.3 | 4.00 | 52.00 | 56.00 | NOTE | |
r-patched-linux-x86_64 | 0.2.3 | 3.05 | 33.52 | 36.57 | NOTE | |
r-release-linux-x86_64 | 0.2.3 | 2.31 | 34.21 | 36.52 | NOTE | |
r-release-macos-arm64 | 0.2.3 | 16.00 | NOTE | |||
r-release-macos-x86_64 | 0.2.3 | 30.00 | NOTE | |||
r-release-windows-x86_64 | 0.2.3 | 4.00 | 53.00 | 57.00 | NOTE | |
r-oldrel-macos-arm64 | 0.2.3 | 21.00 | OK | |||
r-oldrel-macos-x86_64 | 0.2.3 | 46.00 | OK | |||
r-oldrel-windows-x86_64 | 0.2.3 | 3.00 | 55.00 | 58.00 | OK |
Version: 0.2.3
Check: Rd files
Result: NOTE
checkRd: (-1) correct_sign.Rd:23: Lost braces in \itemize; \value handles \item{}{} directly
checkRd: (-1) correct_sign.Rd:24: Lost braces in \itemize; \value handles \item{}{} directly
Flavors: r-devel-linux-x86_64-debian-clang, r-devel-linux-x86_64-debian-gcc, r-devel-linux-x86_64-fedora-clang, r-devel-linux-x86_64-fedora-gcc, r-devel-windows-x86_64, r-patched-linux-x86_64, r-release-linux-x86_64, r-release-macos-arm64, r-release-macos-x86_64, r-release-windows-x86_64